{"id":645,"date":"2025-08-29T16:01:20","date_gmt":"2025-08-29T14:01:20","guid":{"rendered":"https:\/\/emergis.info\/?page_id=645"},"modified":"2025-08-29T16:01:21","modified_gmt":"2025-08-29T14:01:21","slug":"temoignage-dune-action-de-conseil-en-organisation-et-management-par-emergis","status":"publish","type":"page","link":"https:\/\/emergis.info\/?page_id=645","title":{"rendered":"T\u00e9moignage d&rsquo;une action de conseil en organisation et management par Emergis"},"content":{"rendered":"\n<h2 class=\"wp-block-heading\">T\u00e9moignage d&rsquo;une action de conseil en organisation et management par Emergis <\/h2>\n\n\n\n<h3 class=\"wp-block-heading\">\u00ab\u00a0<strong>Mise en \u0153uvre imm\u00e9diate des actions pr\u00e9conis\u00e9es : \u00e9quipe encore plus soud\u00e9e et dynamis\u00e9e<\/strong>\u00ab\u00a0<\/h3>\n\n\n\n<p><em>\u00ab\u00a0L&rsquo;action de diagnostic nous a \u00e9t\u00e9 propos\u00e9e via le <a href=\"https:\/\/polemermediterranee.com\/\" target=\"_blank\" rel=\"noreferrer noopener\">P\u00f4le Mer  M\u00e9diterran\u00e9e.<\/a> Nous avions un audit strat\u00e9gie d\u00e9j\u00e0 en cours, avoir une autre vision, plus ax\u00e9e management et organisation, nous a sembl\u00e9 tr\u00e8s int\u00e9ressant. Le fait que Caroline Jullien soit ing\u00e9nieur \u00e9tait \u00e0 nos yeux un atout suppl\u00e9mentaire compte tenue de notre population tr\u00e8s technique.<br>Nous avons tous ici \u00e9t\u00e9 tr\u00e8s satisfaits de sa mission.&nbsp;<br><br>Des actions importantes et concr\u00e8tes, telles que pr\u00e9conis\u00e9es, ont \u00e9t\u00e9 mises en route, entre autres :<br>\u2022 Mieux d\u00e9finir notre vision strat\u00e9gique<br>\u2022 R\u00e9organisation des \u00e9quipes et des ateliers, am\u00e9nagement d\u2019un nouvel atelier,<br>\u2022 Mise en place de proc\u00e9dures pour la centralisation des demandes de travaux<br>\u2022 Prise de conscience par les managers d\u2019un manque de communication avec leurs \u00e9quipes<br><br>La personnalit\u00e9 de Caroline Jullien a \u00e9t\u00e9 un \u00e9l\u00e9ment majeur pour la prise de conscience de tous avec la mise en \u0153uvre imm\u00e9diate des actions pr\u00e9conis\u00e9es. Lors de son compte rendu final \u00e0 l\u2019ensemble du personnel, elle a su d\u2019une mani\u00e8re positive montrer les points faibles de chacun, mais aussi de l\u2019\u00e9quipe enti\u00e8re, sans qu\u2019aucun personnel n\u2019en sorte bless\u00e9 ou frustr\u00e9, le sens de l\u2019\u00e9quipe, \u00e9l\u00e9ment fort chez Comex ayant \u00e9t\u00e9 reconnu, elle en est sortie encore plus soud\u00e9e et dynamis\u00e9e.<br>Tous ici la remercions pour son action\u00a0\u00bb<br><br><strong>Mich\u00e8le Fructus<\/strong><\/em><br><em><strong> Directeur g\u00e9n\u00e9ral  <a href=\"https:\/\/comex.fr\/\" target=\"_blank\" rel=\"noreferrer noopener\">COMEX<\/a><\/strong><\/em><br><em><strong>&nbsp;D\u00e9partement Ing\u00e9nierie Milieux Extr\u00eames<\/strong><br><strong>Marseille<\/strong><\/em><\/p>\n","protected":false},"excerpt":{"rendered":"<p>T\u00e9moignage d&rsquo;une action de conseil en organisation et management par Emergis \u00ab\u00a0Mise en \u0153uvre imm\u00e9diate des actions pr\u00e9conis\u00e9es : \u00e9quipe encore plus soud\u00e9e et dynamis\u00e9e\u00ab\u00a0 \u00ab\u00a0L&rsquo;action de diagnostic nous a \u00e9t\u00e9 propos\u00e9e via le P\u00f4le Mer M\u00e9diterran\u00e9e. Nous avions un audit strat\u00e9gie d\u00e9j\u00e0 en cours, avoir une autre vision, plus ax\u00e9e management et organisation, nous [&hellip;]<\/p>\n","protected":false},"author":1,"featured_media":0,"parent":0,"menu_order":0,"comment_status":"closed","ping_status":"closed","template":"","meta":{"_monsterinsights_skip_tracking":false,"_monsterinsights_sitenote_active":false,"_monsterinsights_sitenote_note":"","_monsterinsights_sitenote_category":0,"footnotes":""},"class_list":["post-645","page","type-page","status-publish","hentry"],"aioseo_notices":[],"_links":{"self":[{"href":"https:\/\/emergis.info\/index.php?rest_route=\/wp\/v2\/pages\/645","targetHints":{"allow":["GET"]}}],"collection":[{"href":"https:\/\/emergis.info\/index.php?rest_route=\/wp\/v2\/pages"}],"about":[{"href":"https:\/\/emergis.info\/index.php?rest_route=\/wp\/v2\/types\/page"}],"author":[{"embeddable":true,"href":"https:\/\/emergis.info\/index.php?rest_route=\/wp\/v2\/users\/1"}],"replies":[{"embeddable":true,"href":"https:\/\/emergis.info\/index.php?rest_route=%2Fwp%2Fv2%2Fcomments&post=645"}],"version-history":[{"count":1,"href":"https:\/\/emergis.info\/index.php?rest_route=\/wp\/v2\/pages\/645\/revisions"}],"predecessor-version":[{"id":646,"href":"https:\/\/emergis.info\/index.php?rest_route=\/wp\/v2\/pages\/645\/revisions\/646"}],"wp:attachment":[{"href":"https:\/\/emergis.info\/index.php?rest_route=%2Fwp%2Fv2%2Fmedia&parent=645"}],"curies":[{"name":"wp","href":"https:\/\/api.w.org\/{rel}","templated":true}]}}