{"id":591,"date":"2025-08-29T12:51:08","date_gmt":"2025-08-29T10:51:08","guid":{"rendered":"https:\/\/emergis.info\/?page_id=591"},"modified":"2025-08-29T12:53:02","modified_gmt":"2025-08-29T10:53:02","slug":"temoignage-formation-des-managers","status":"publish","type":"page","link":"https:\/\/emergis.info\/?page_id=591","title":{"rendered":"T\u00e9moignage formation des managers"},"content":{"rendered":"\n<h1 class=\"wp-block-heading\">Accompagnement des managers<\/h1>\n\n\n\n<p><br><strong>\u00ab\u00a0D\u00e9veloppement des comp\u00e9tences et \u00e9volution des pratiques manag\u00e9riales\u00a0\u00bb<\/strong><br>\u00ab Emergis nous a accompagn\u00e9s 2 ann\u00e9es dans notre projet de d\u00e9veloppement des comp\u00e9tences et d&rsquo;\u00e9volution des pratiques manag\u00e9riales des encadrants avec une approche p\u00e9dagogique innovante et une forte r\u00e9activit\u00e9.<br>Depuis, nos managers de proximit\u00e9 ont gagn\u00e9 en motivation et autonomie ! \u00bb.<br><br><strong>Christine HUMBERT<\/strong><br><strong>Directrice des ressources Humaines, La Poste Courier<br><\/strong><\/p>\n\n\n\n<h3 class=\"wp-block-heading\">Verbatims de managers  <\/h3>\n\n\n\n<p>1 mois apr\u00e8s une formation<\/p>\n\n\n\n<ul class=\"wp-block-list\">\n<li>J\u2019ai pris conscience de mon r\u00f4le entant que manager<\/li>\n\n\n\n<li>Je me sens plus l\u00e9gitime dans ma position de chef d\u2019\u00e9quipe<\/li>\n\n\n\n<li>J\u2019ai pris du recul-je suis motiv\u00e9e et j\u2019ai envie de mettre des choses en place<\/li>\n\n\n\n<li>Cela a chang\u00e9 ma vision des choses, je suis plus \u00e0 l\u2019aise, j\u2019ai plus d\u2019\u00e9coute. Je comprends mieux les situations<\/li>\n\n\n\n<li>Je suis d\u00e9complex\u00e9- J\u2019assume mieux<\/li>\n<\/ul>\n","protected":false},"excerpt":{"rendered":"<p>Accompagnement des managers \u00ab\u00a0D\u00e9veloppement des comp\u00e9tences et \u00e9volution des pratiques manag\u00e9riales\u00a0\u00bb\u00ab Emergis nous a accompagn\u00e9s 2 ann\u00e9es dans notre projet de d\u00e9veloppement des comp\u00e9tences et d&rsquo;\u00e9volution des pratiques manag\u00e9riales des encadrants avec une approche p\u00e9dagogique innovante et une forte r\u00e9activit\u00e9.Depuis, nos managers de proximit\u00e9 ont gagn\u00e9 en motivation et autonomie ! \u00bb. Christine HUMBERTDirectrice des [&hellip;]<\/p>\n","protected":false},"author":1,"featured_media":0,"parent":0,"menu_order":0,"comment_status":"closed","ping_status":"closed","template":"","meta":{"_monsterinsights_skip_tracking":false,"_monsterinsights_sitenote_active":false,"_monsterinsights_sitenote_note":"","_monsterinsights_sitenote_category":0,"footnotes":""},"class_list":["post-591","page","type-page","status-publish","hentry"],"aioseo_notices":[],"_links":{"self":[{"href":"https:\/\/emergis.info\/index.php?rest_route=\/wp\/v2\/pages\/591","targetHints":{"allow":["GET"]}}],"collection":[{"href":"https:\/\/emergis.info\/index.php?rest_route=\/wp\/v2\/pages"}],"about":[{"href":"https:\/\/emergis.info\/index.php?rest_route=\/wp\/v2\/types\/page"}],"author":[{"embeddable":true,"href":"https:\/\/emergis.info\/index.php?rest_route=\/wp\/v2\/users\/1"}],"replies":[{"embeddable":true,"href":"https:\/\/emergis.info\/index.php?rest_route=%2Fwp%2Fv2%2Fcomments&post=591"}],"version-history":[{"count":2,"href":"https:\/\/emergis.info\/index.php?rest_route=\/wp\/v2\/pages\/591\/revisions"}],"predecessor-version":[{"id":594,"href":"https:\/\/emergis.info\/index.php?rest_route=\/wp\/v2\/pages\/591\/revisions\/594"}],"wp:attachment":[{"href":"https:\/\/emergis.info\/index.php?rest_route=%2Fwp%2Fv2%2Fmedia&parent=591"}],"curies":[{"name":"wp","href":"https:\/\/api.w.org\/{rel}","templated":true}]}}

Témoignage formation des managers

<h1 class="wp-block-heading">Accompagnement des managers</h1>



<p><br><strong>« Développement des compétences et évolution des pratiques managériales »</strong><br>« Emergis nous a accompagnés 2 années dans notre projet de développement des compétences et d&rsquo;évolution des pratiques managériales des encadrants avec une approche pédagogique innovante et une forte réactivité.<br>Depuis, nos managers de proximité ont gagné en motivation et autonomie ! ».<br><br><strong>Christine HUMBERT</strong><br><strong>Directrice des ressources Humaines, La Poste Courier<br></strong></p>



<h3 class="wp-block-heading">Verbatims de managers  </h3>



<p>1 mois après une formation</p>



<ul class="wp-block-list">
<li>J’ai pris conscience de mon rôle entant que manager</li>



<li>Je me sens plus légitime dans ma position de chef d’équipe</li>



<li>J’ai pris du recul-je suis motivée et j’ai envie de mettre des choses en place</li>



<li>Cela a changé ma vision des choses, je suis plus à l’aise, j’ai plus d’écoute. Je comprends mieux les situations</li>



<li>Je suis décomplexé- J’assume mieux</li>
</ul>

<p>Accompagnement des managers « Développement des compétences et évolution des pratiques managériales »« Emergis nous a accompagnés 2 années dans notre projet de développement des compétences et d&rsquo;évolution des pratiques managériales des encadrants avec une approche pédagogique innovante et une forte réactivité.Depuis, nos managers de proximité ont gagné en motivation et autonomie ! ». Christine HUMBERTDirectrice des [&hellip;]</p>
