{"id":432,"date":"2025-04-11T16:49:31","date_gmt":"2025-04-11T14:49:31","guid":{"rendered":"https:\/\/emergis.info\/?page_id=432"},"modified":"2026-03-26T09:49:22","modified_gmt":"2026-03-26T08:49:22","slug":"references","status":"publish","type":"page","link":"https:\/\/emergis.info\/?page_id=432","title":{"rendered":"R\u00e9f\u00e9rences- Ils nous font confiance :"},"content":{"rendered":"\n<div class=\"wp-block-group alignfull has-global-padding is-layout-constrained wp-container-core-group-is-layout-d89aad35 wp-block-group-is-layout-constrained\" style=\"margin-top:0;margin-bottom:0;padding-top:var(--wp--preset--spacing--50);padding-right:var(--wp--preset--spacing--50);padding-bottom:var(--wp--preset--spacing--50);padding-left:var(--wp--preset--spacing--50)\">\n<div class=\"wp-block-group alignwide has-global-padding is-layout-constrained wp-container-core-group-is-layout-19e250f3 wp-block-group-is-layout-constrained\">\n<div class=\"wp-block-group is-vertical is-content-justification-center is-layout-flex wp-container-core-group-is-layout-6329a8f3 wp-block-group-is-layout-flex\">\n<p><a href=\"https:\/\/new.abb.com\/fr\" target=\"_blank\" rel=\"noopener\" title=\"ABB\">ABB<\/a><\/p>\n\n\n\n<p><a href=\"https:\/\/aftc13.com\/\" target=\"_blank\" rel=\"noopener\" title=\"AFTC 13\">AFTC 13<\/a><\/p>\n\n\n\n<p><a href=\"https:\/\/www.alseamar-alcen.com\/\" target=\"_blank\" rel=\"noopener\" title=\"ALSEAMAR-ALCEN\">ALSEAMAR-ALCEN<\/a><\/p>\n\n\n\n<p><a href=\"https:\/\/www.anact.fr\/\" target=\"_blank\" rel=\"noopener\" title=\"ANACT\">ANACT<\/a><\/p>\n\n\n\n<p><a href=\"https:\/\/www.paca.ars.sante.fr\/\" target=\"_blank\" rel=\"noopener\" title=\"ARS\">ARS<\/a><\/p>\n\n\n\n<p><a href=\"https:\/\/www.cea.fr\/\" target=\"_blank\" rel=\"noopener\" title=\"CEA\">CEA<\/a><\/p>\n\n\n\n<p><a href=\"https:\/\/www.cerema.fr\/fr\" target=\"_blank\" rel=\"noopener\" title=\"CEREMA\">CEREMA<\/a><\/p>\n\n\n\n<p><a href=\"https:\/\/chimirec-malo.fr\/\" target=\"_blank\" rel=\"noopener\" title=\"CHIMIREC MALO\">CHIMIREC MALO<\/a><\/p>\n\n\n\n<p><a href=\"https:\/\/www.cultura.com\/\" target=\"_blank\" rel=\"noopener\" title=\"&nbsp;CULTURA\">&nbsp;CULTURA<\/a><\/p>\n\n\n\n<p>Foyer de vie CASSIOPEE<\/p>\n\n\n\n<p>Foyer de vie VERTE COLLINE<\/p>\n\n\n\n<p><a href=\"https:\/\/fr.cersa-mci.com\/\" target=\"_blank\" rel=\"noopener\" title=\"CERSA\">CERSA<\/a> -MCI<\/p>\n\n\n\n<p>CNFPT<\/p>\n\n\n\n<p><a href=\"https:\/\/comex.fr\/\" target=\"_blank\" rel=\"noopener\" title=\"COMEX\">COMEX<\/a><\/p>\n\n\n\n<p>CROUS de NICE<\/p>\n\n\n\n<p>DEMENAGEMENTS ROBERT<\/p>\n\n\n\n<p>ECOLE DE LA DEUXIEME CHANCE<\/p>\n\n\n\n<p>EHPAD NOTRE DAME, Marseille<\/p>\n\n\n\n<p><a href=\"https:\/\/www.controles-essais-mesures.fr\/en\/optics\/elvitec-rejoint-le-groupe-stemmer-imaging\/\" target=\"_blank\" rel=\"noopener\" title=\"ELVITEC\">ELVITEC<\/a><\/p>\n\n\n\n<p>ENGIE<\/p>\n\n\n\n<p>FRANCE BOISSON<\/p>\n\n\n\n<p><a href=\"https:\/\/www.asso-gdid.fr\/\" target=\"_blank\" rel=\"noopener\" title=\"Association GDID\">Association GDID<\/a><\/p>\n\n\n\n<p><a href=\"https:\/\/www.gipsvision.fr\/en\/\" target=\"_blank\" rel=\"noopener\" title=\"GIPSY VISION\">GIPSY VISION<\/a><\/p>\n\n\n\n<p><a href=\"https:\/\/www.almaviva-sante.fr\/fr\/\" target=\"_blank\" rel=\"noopener\" title=\"GROUPE ALMA VIVA\">GROUPE ALMA VIVA<\/a><\/p>\n\n\n\n<p><a href=\"https:\/\/h2oathome.com\/fr\/\" target=\"_blank\" rel=\"noopener\" title=\"H2O at Home\">H2O at Home<\/a><\/p>\n\n\n\n<p>HOSPITALITE POUR LES FEMMES<\/p>\n\n\n\n<p><a href=\"https:\/\/www.initiative-sud.com\/\" target=\"_blank\" rel=\"noopener\" title=\"&nbsp;INITIATIVE SUD\">&nbsp;INITIATIVE SUD<\/a><\/p>\n\n\n\n<p>INABENSA France<\/p>\n\n\n\n<p>INSA Lyon<\/p>\n\n\n\n<p><a href=\"https:\/\/www.jcdecaux.fr\/\" target=\"_blank\" rel=\"noopener\" title=\"JC DECAUX\">JC DECAUX<\/a><\/p>\n\n\n\n<p>La POSTE<\/p>\n\n\n\n<p>Librairie Le FURTIF, Aubagne<\/p>\n\n\n\n<p><a href=\"https:\/\/www.mfr-monteux.org\/\" target=\"_blank\" rel=\"noopener\" title=\"MFR La Denove\">MFR La Denove<\/a><\/p>\n\n\n\n<p>MISSION LOCALE<\/p>\n\n\n\n<p>Mr BRICOLAGE<\/p>\n\n\n\n<p>MSA<\/p>\n\n\n\n<p>MIRION TEHCNOLOGIES<\/p>\n\n\n\n<p><a href=\"https:\/\/www.nutritionetsante.com\/\" target=\"_blank\" rel=\"noopener\" title=\"NUTRITION ET SANTE OCEANIDE\">NUTRITION ET SANTE OCEANIDE<\/a><\/p>\n\n\n\n<p>&nbsp;OPTIS Europe<\/p>\n\n\n\n<p>PEPSICOLA<\/p>\n\n\n\n<p>PHLOX<\/p>\n\n\n\n<p>PIERRE FABRE<\/p>\n\n\n\n<p>P\u00f4les de comp\u00e9titivit\u00e9<\/p>\n\n\n\n<p>PRINCIPIA<\/p>\n\n\n\n<p>SANOFI<\/p>\n\n\n\n<p>Savonnerie RAMPAL LATOUR<\/p>\n\n\n\n<p>Association <a href=\"https:\/\/semaillesavignon.fr\/\" target=\"_blank\" rel=\"noopener\" title=\"SEMAILLES\">SEMAILLES<\/a><\/p>\n\n\n\n<p><a href=\"https:\/\/www.seripub.fr\/\" target=\"_blank\" rel=\"noopener\" title=\"SERIPUB\">SERIPUB<\/a><\/p>\n\n\n\n<p><a href=\"https:\/\/sodern.com\/fr\/\" target=\"_blank\" rel=\"noopener\" title=\"SODERN Ariane Groupe\">SODERN Ariane Groupe<\/a><\/p>\n\n\n\n<p><a href=\"https:\/\/canaldeprovence.com\/\" target=\"_blank\" rel=\"noopener\" title=\"SOCIETE DU CANAL DE PROVENCE\">SOCIETE DU CANAL DE PROVENCE<\/a><\/p>\n\n\n\n<p>SYNAPSYS<\/p>\n\n\n\n<p>THALES<\/p>\n\n\n\n<p>TRANSCAUSSE<\/p>\n\n\n\n<p><a href=\"https:\/\/www.les-scop-paca.coop\/\" target=\"_blank\" rel=\"noopener\" title=\"URSCOP PACA\">URSCOP PACA<\/a><\/p>\n\n\n\n<p>&nbsp;Vignerons du Mont Ventoux<\/p>\n\n\n\n<p>WILHELMSEN SHIP SERVICES<\/p>\n<\/div>\n\n\n\n<div style=\"height:var(--wp--preset--spacing--40)\" aria-hidden=\"true\" class=\"wp-block-spacer\"><\/div>\n\n\n\n<div style=\"height:var(--wp--preset--spacing--40)\" aria-hidden=\"true\" class=\"wp-block-spacer\"><\/div>\n<\/div>\n<\/div>\n","protected":false},"excerpt":{"rendered":"<p>ABB AFTC 13 ALSEAMAR-ALCEN ANACT ARS CEA CEREMA CHIMIREC MALO &nbsp;CULTURA Foyer de vie CASSIOPEE Foyer de vie VERTE COLLINE CERSA -MCI CNFPT COMEX CROUS de NICE DEMENAGEMENTS ROBERT ECOLE DE LA DEUXIEME CHANCE EHPAD NOTRE DAME, Marseille ELVITEC ENGIE FRANCE BOISSON Association GDID GIPSY VISION GROUPE ALMA VIVA H2O at Home HOSPITALITE POUR LES [&hellip;]<\/p>\n","protected":false},"author":1,"featured_media":0,"parent":0,"menu_order":0,"comment_status":"closed","ping_status":"closed","template":"","meta":{"_monsterinsights_skip_tracking":false,"_monsterinsights_sitenote_active":false,"_monsterinsights_sitenote_note":"","_monsterinsights_sitenote_category":0,"footnotes":""},"class_list":["post-432","page","type-page","status-publish","hentry"],"aioseo_notices":[],"_links":{"self":[{"href":"https:\/\/emergis.info\/index.php?rest_route=\/wp\/v2\/pages\/432","targetHints":{"allow":["GET"]}}],"collection":[{"href":"https:\/\/emergis.info\/index.php?rest_route=\/wp\/v2\/pages"}],"about":[{"href":"https:\/\/emergis.info\/index.php?rest_route=\/wp\/v2\/types\/page"}],"author":[{"embeddable":true,"href":"https:\/\/emergis.info\/index.php?rest_route=\/wp\/v2\/users\/1"}],"replies":[{"embeddable":true,"href":"https:\/\/emergis.info\/index.php?rest_route=%2Fwp%2Fv2%2Fcomments&post=432"}],"version-history":[{"count":5,"href":"https:\/\/emergis.info\/index.php?rest_route=\/wp\/v2\/pages\/432\/revisions"}],"predecessor-version":[{"id":733,"href":"https:\/\/emergis.info\/index.php?rest_route=\/wp\/v2\/pages\/432\/revisions\/733"}],"wp:attachment":[{"href":"https:\/\/emergis.info\/index.php?rest_route=%2Fwp%2Fv2%2Fmedia&parent=432"}],"curies":[{"name":"wp","href":"https:\/\/api.w.org\/{rel}","templated":true}]}}