{"id":326,"date":"2025-03-26T16:46:05","date_gmt":"2025-03-26T15:46:05","guid":{"rendered":"https:\/\/emergis.info\/?page_id=326"},"modified":"2025-08-29T17:22:58","modified_gmt":"2025-08-29T15:22:58","slug":"prevention-rps","status":"publish","type":"page","link":"https:\/\/emergis.info\/?page_id=326","title":{"rendered":"Pr\u00e9vention RPS"},"content":{"rendered":"\n<h1 class=\"wp-block-heading\">Conseil et accompagnement pour Pr\u00e9venir les RPS<\/h1>\n\n\n\n<p>Les <strong>risques psychosociaux (RPS)<\/strong> repr\u00e9sentent un enjeu majeur pour la sant\u00e9 des salari\u00e9s et la performance des organisations. Stress, tensions, surcharge de travail ou difficult\u00e9s relationnelles peuvent fragiliser le climat social et g\u00e9n\u00e9rer absent\u00e9isme, d\u00e9sengagement et turnover. Pr\u00e9venir les RPS, c\u2019est mettre en place une strat\u00e9gie adapt\u00e9e qui allie diagnostic, sensibilisation et actions concr\u00e8tes pour am\u00e9liorer le bien-\u00eatre au travail. Gr\u00e2ce \u00e0 une approche participative, il est possible de renforcer la coh\u00e9sion des \u00e9quipes, d\u2019anticiper les situations \u00e0 risque et de construire une organisation plus sereine, efficace et durable.<\/p>\n\n\n\n<figure class=\"wp-block-image size-large is-resized\"><img loading=\"lazy\" decoding=\"async\" width=\"1024\" height=\"778\" src=\"https:\/\/emergis.info\/wp-content\/uploads\/2025\/03\/milad-fakurian-58Z17lnVS4U-unsplash-1-1024x778.jpg\" alt=\"\" class=\"wp-image-299\" style=\"aspect-ratio:1.3333333333333333;object-fit:cover;width:831px;height:auto\" srcset=\"https:\/\/emergis.info\/wp-content\/uploads\/2025\/03\/milad-fakurian-58Z17lnVS4U-unsplash-1-1024x778.jpg 1024w, https:\/\/emergis.info\/wp-content\/uploads\/2025\/03\/milad-fakurian-58Z17lnVS4U-unsplash-1-300x228.jpg 300w, https:\/\/emergis.info\/wp-content\/uploads\/2025\/03\/milad-fakurian-58Z17lnVS4U-unsplash-1-768x584.jpg 768w, https:\/\/emergis.info\/wp-content\/uploads\/2025\/03\/milad-fakurian-58Z17lnVS4U-unsplash-1-1536x1167.jpg 1536w, https:\/\/emergis.info\/wp-content\/uploads\/2025\/03\/milad-fakurian-58Z17lnVS4U-unsplash-1-2048x1556.jpg 2048w\" sizes=\"auto, (max-width: 1024px) 100vw, 1024px\" \/><\/figure>\n\n\n\n<h3 class=\"wp-block-heading\"><strong>Pourquoi&nbsp;<strong>Pr\u00e9venir les RPS<\/strong><\/strong> <strong>?<\/strong><\/h3>\n\n\n\n<p>Mieux pr\u00e9venir les RPS, c\u2019est prot\u00e9ger la sant\u00e9 mentale et physique de tous.<br>Les RPS induisent une d\u00e9gradation de la qualit\u00e9 du travail, de la coh\u00e9sion d&rsquo;\u00e9quipe, de la performance individuelle et collective et de l\u2019image de l\u2019entreprise. La pr\u00e9vention des RPS favorise un climat social apais\u00e9, r\u00e9duit les arr\u00eats maladie et contribue \u00e0 fid\u00e9liser les talents en renfor\u00e7ant l\u2019attractivit\u00e9 de l\u2019entreprise<br><\/p>\n\n\n\n<h3 class=\"wp-block-heading\"><strong>Quand Pr\u00e9venir les RPS<\/strong> <strong> ? <\/strong><\/h3>\n\n\n\n<p>Au m\u00eame titre que les autres risques professionnels, le mieux est d&rsquo;agir en pr\u00e9vention, lorsqu&rsquo;on fait l&rsquo;\u00e9valuation des risques au poste de travail, au moment de l&rsquo;\u00e9laboration du DUERP. Pour rappel il s&rsquo;agit d&rsquo;une obligation l\u00e9gale.<br>Ensuite, d\u00e8s lors que des signaux faibles se manifestent, il faut agir. Ainsi, une d\u00e9gradation des r\u00e9sultats ou du climat social, une augmentation des accidents du travail, des maladies professionnelles ou des arr\u00eats et enfin une multiplication des d\u00e9parts doivent engager \u00e0 r\u00e9aliser un diagnostic RPS <\/p>\n\n\n\n<h3 class=\"wp-block-heading\"><strong>Comment <strong>Pr\u00e9venir les RPS<\/strong><\/strong> <strong>? <\/strong><\/h3>\n\n\n\n<p>Mettre en place un diagnostic participatif, organiser des ateliers de sensibilisation, former les managers et instaurer un suivi r\u00e9gulier permettent d\u2019ancrer durablement la pr\u00e9vention des RPS dans la culture d\u2019entreprise.<\/p>\n\n\n\n<p>Ne pas h\u00e9siter \u00e0 se faire accompagner par un sp\u00e9cialiste. Un diagnostic RPS mal men\u00e9e peut avoir des cons\u00e9quences d\u00e9sastreuses !<br><\/p>\n\n\n\n<h2 class=\"wp-block-heading\">T\u00e9moignage<\/h2>\n\n\n\n<p><strong><a href=\"https:\/\/emergis.info\/?page_id=687\" target=\"_blank\" rel=\"noopener\" title=\"T\u00e9moignage formation RPS\">Formation pr\u00e9vention des RPS<\/a><\/strong><br>\u00ab\u00a0Bonne interaction et aptitude \u00e0 adapter la d\u00e9marche de formation aux besoins imm\u00e9diats des utilisateurs, sans \u00e9carter les sujets complexes. Merci !\u00a0\u00bb<br>\u00ab Formation tr\u00e8s professionnelle, vous avez su g\u00e9rer l\u2019\u00e9mergence de mal \u00eatre avec d\u00e9licatesse. \u00bb<\/p>\n\n\n\n<p><strong>Gilles Bertrand <\/strong><br><strong>DG<a data-type=\"link\" data-id=\"https:\/\/www.e2c-marseille.fr\/\" href=\"https:\/\/www.e2c-marseille.fr\/\" target=\"_blank\" rel=\"noreferrer noopener\"> Ecole de la deuxi\u00e8me chance<\/a><\/strong><br><strong>Marseille<\/strong> <\/p>\n\n\n\n<figure class=\"wp-block-image size-full is-style-rounded wp-duotone-unset-2 is-style-rounded--1\"><img loading=\"lazy\" decoding=\"async\" width=\"1707\" height=\"2560\" src=\"https:\/\/emergis.info\/wp-content\/uploads\/2025\/03\/stormseeker-rX12B5uX7QM-unsplash-scaled.jpg\" alt=\"\" class=\"wp-image-411\" style=\"aspect-ratio:3\/2;object-fit:cover\" srcset=\"https:\/\/emergis.info\/wp-content\/uploads\/2025\/03\/stormseeker-rX12B5uX7QM-unsplash-scaled.jpg 1707w, https:\/\/emergis.info\/wp-content\/uploads\/2025\/03\/stormseeker-rX12B5uX7QM-unsplash-200x300.jpg 200w, https:\/\/emergis.info\/wp-content\/uploads\/2025\/03\/stormseeker-rX12B5uX7QM-unsplash-683x1024.jpg 683w, https:\/\/emergis.info\/wp-content\/uploads\/2025\/03\/stormseeker-rX12B5uX7QM-unsplash-768x1152.jpg 768w, https:\/\/emergis.info\/wp-content\/uploads\/2025\/03\/stormseeker-rX12B5uX7QM-unsplash-1024x1536.jpg 1024w, https:\/\/emergis.info\/wp-content\/uploads\/2025\/03\/stormseeker-rX12B5uX7QM-unsplash-1365x2048.jpg 1365w\" sizes=\"auto, (max-width: 1707px) 100vw, 1707px\" \/><\/figure>\n\n\n\n<h2 class=\"wp-block-heading\">Vous avez un projet pour pr\u00e9venir les RPS  ?<\/h2>\n\n\n\n<div class=\"wp-block-group has-global-padding is-layout-constrained wp-block-group-is-layout-constrained\">\n<div class=\"wp-block-group alignwide has-global-padding is-layout-constrained wp-block-group-is-layout-constrained\">\n<div class=\"wp-block-buttons is-layout-flex wp-block-buttons-is-layout-flex\">\n<div class=\"wp-block-button has-custom-width wp-block-button__width-100 is-style-fill\"><a class=\"wp-block-button__link has-accent-2-background-color has-background wp-element-button\" href=\"https:\/\/emergis.info\/?page_id=80\" target=\"_blank\" rel=\"noreferrer noopener\"><strong>Contactez nous<\/strong><\/a><\/div>\n<\/div>\n\n\n\n<p>Nous \u00e9tudierons ensemble votre besoin et nous vous ferons une proposition adapt\u00e9e qui prenne en compte votre culture et vos contraintes. Nous nous engageons \u00e0 vous r\u00e9pondre sous 48h jours ouvr\u00e9s.<\/p>\n<\/div>\n\n\n\n<p><strong>Interventions sous forme de Conseil, d&rsquo;Accompagnement ou de Formation.<\/strong><br><br>Bas\u00e9s \u00e0 Salon de Provence, Nous intervenons directement en pr\u00e9sentiel \u00e0 <strong>Marseille, Aix en Provence, Avignon, Arles dans le Sud-Est, <\/strong>et PACA<br><\/p>\n<\/div>\n\n\n\n<div class=\"wp-block-buttons is-layout-flex wp-block-buttons-is-layout-flex\">\n<div class=\"wp-block-button\"><a class=\"wp-block-button__link has-contrast-color has-accent-4-background-color has-text-color has-background has-link-color wp-element-button\" href=\"https:\/\/emergis.info\/?page_id=77\" target=\"_blank\" rel=\"noreferrer noopener\">Qui sommes nous <\/a><\/div>\n\n\n\n<div class=\"wp-block-button\"><a class=\"wp-block-button__link wp-element-button\" href=\"https:\/\/emergis.info\/?page_id=432\" target=\"_blank\" rel=\"noreferrer noopener\">R\u00e9f\u00e9rences <\/a><\/div>\n\n\n\n<div class=\"wp-block-button\"><a class=\"wp-block-button__link wp-element-button\" href=\"https:\/\/emergis.info\/?page_id=544\" target=\"_blank\" rel=\"noreferrer noopener\">T\u00e9moignages<\/a><\/div>\n<\/div>\n","protected":false},"excerpt":{"rendered":"<p>Conseil et accompagnement pour Pr\u00e9venir les RPS Les risques psychosociaux (RPS) repr\u00e9sentent un enjeu majeur pour la sant\u00e9 des salari\u00e9s et la performance des organisations. Stress, tensions, surcharge de travail ou difficult\u00e9s relationnelles peuvent fragiliser le climat social et g\u00e9n\u00e9rer absent\u00e9isme, d\u00e9sengagement et turnover. Pr\u00e9venir les RPS, c\u2019est mettre en place une strat\u00e9gie adapt\u00e9e qui [&hellip;]<\/p>\n","protected":false},"author":1,"featured_media":0,"parent":0,"menu_order":0,"comment_status":"closed","ping_status":"closed","template":"","meta":{"_monsterinsights_skip_tracking":false,"_monsterinsights_sitenote_active":false,"_monsterinsights_sitenote_note":"","_monsterinsights_sitenote_category":0,"footnotes":""},"class_list":["post-326","page","type-page","status-publish","hentry"],"aioseo_notices":[],"_links":{"self":[{"href":"https:\/\/emergis.info\/index.php?rest_route=\/wp\/v2\/pages\/326","targetHints":{"allow":["GET"]}}],"collection":[{"href":"https:\/\/emergis.info\/index.php?rest_route=\/wp\/v2\/pages"}],"about":[{"href":"https:\/\/emergis.info\/index.php?rest_route=\/wp\/v2\/types\/page"}],"author":[{"embeddable":true,"href":"https:\/\/emergis.info\/index.php?rest_route=\/wp\/v2\/users\/1"}],"replies":[{"embeddable":true,"href":"https:\/\/emergis.info\/index.php?rest_route=%2Fwp%2Fv2%2Fcomments&post=326"}],"version-history":[{"count":10,"href":"https:\/\/emergis.info\/index.php?rest_route=\/wp\/v2\/pages\/326\/revisions"}],"predecessor-version":[{"id":693,"href":"https:\/\/emergis.info\/index.php?rest_route=\/wp\/v2\/pages\/326\/revisions\/693"}],"wp:attachment":[{"href":"https:\/\/emergis.info\/index.php?rest_route=%2Fwp%2Fv2%2Fmedia&parent=326"}],"curies":[{"name":"wp","href":"https:\/\/api.w.org\/{rel}","templated":true}]}}

Prévention RPS

<h1 class="wp-block-heading">Conseil et accompagnement pour Prévenir les RPS</h1>



<p>Les <strong>risques psychosociaux (RPS)</strong> représentent un enjeu majeur pour la santé des salariés et la performance des organisations. Stress, tensions, surcharge de travail ou difficultés relationnelles peuvent fragiliser le climat social et générer absentéisme, désengagement et turnover. Prévenir les RPS, c’est mettre en place une stratégie adaptée qui allie diagnostic, sensibilisation et actions concrètes pour améliorer le bien-être au travail. Grâce à une approche participative, il est possible de renforcer la cohésion des équipes, d’anticiper les situations à risque et de construire une organisation plus sereine, efficace et durable.</p>



<figure class="wp-block-image size-large is-resized"><img loading="lazy" decoding="async" width="1024" height="778" src="https://emergis.info/wp-content/uploads/2025/03/milad-fakurian-58Z17lnVS4U-unsplash-1-1024x778.jpg" alt="" class="wp-image-299" style="aspect-ratio:1.3333333333333333;object-fit:cover;width:831px;height:auto" srcset="https://emergis.info/wp-content/uploads/2025/03/milad-fakurian-58Z17lnVS4U-unsplash-1-1024x778.jpg 1024w, https://emergis.info/wp-content/uploads/2025/03/milad-fakurian-58Z17lnVS4U-unsplash-1-300x228.jpg 300w, https://emergis.info/wp-content/uploads/2025/03/milad-fakurian-58Z17lnVS4U-unsplash-1-768x584.jpg 768w, https://emergis.info/wp-content/uploads/2025/03/milad-fakurian-58Z17lnVS4U-unsplash-1-1536x1167.jpg 1536w, https://emergis.info/wp-content/uploads/2025/03/milad-fakurian-58Z17lnVS4U-unsplash-1-2048x1556.jpg 2048w" sizes="auto, (max-width: 1024px) 100vw, 1024px" /></figure>



<h3 class="wp-block-heading"><strong>Pourquoi&nbsp;<strong>Prévenir les RPS</strong></strong> <strong>?</strong></h3>



<p>Mieux prévenir les RPS, c’est protéger la santé mentale et physique de tous.<br>Les RPS induisent une dégradation de la qualité du travail, de la cohésion d&rsquo;équipe, de la performance individuelle et collective et de l’image de l’entreprise. La prévention des RPS favorise un climat social apaisé, réduit les arrêts maladie et contribue à fidéliser les talents en renforçant l’attractivité de l’entreprise<br></p>



<h3 class="wp-block-heading"><strong>Quand Prévenir les RPS</strong> <strong> ? </strong></h3>



<p>Au même titre que les autres risques professionnels, le mieux est d&rsquo;agir en prévention, lorsqu&rsquo;on fait l&rsquo;évaluation des risques au poste de travail, au moment de l&rsquo;élaboration du DUERP. Pour rappel il s&rsquo;agit d&rsquo;une obligation légale.<br>Ensuite, dès lors que des signaux faibles se manifestent, il faut agir. Ainsi, une dégradation des résultats ou du climat social, une augmentation des accidents du travail, des maladies professionnelles ou des arrêts et enfin une multiplication des départs doivent engager à réaliser un diagnostic RPS </p>



<h3 class="wp-block-heading"><strong>Comment <strong>Prévenir les RPS</strong></strong> <strong>? </strong></h3>



<p>Mettre en place un diagnostic participatif, organiser des ateliers de sensibilisation, former les managers et instaurer un suivi régulier permettent d’ancrer durablement la prévention des RPS dans la culture d’entreprise.</p>



<p>Ne pas hésiter à se faire accompagner par un spécialiste. Un diagnostic RPS mal menée peut avoir des conséquences désastreuses !<br></p>



<h2 class="wp-block-heading">Témoignage</h2>



<p><strong><a href="https://emergis.info/?page_id=687" target="_blank" rel="noopener" title="Témoignage formation RPS">Formation prévention des RPS</a></strong><br>« Bonne interaction et aptitude à adapter la démarche de formation aux besoins immédiats des utilisateurs, sans écarter les sujets complexes. Merci ! »<br>« Formation très professionnelle, vous avez su gérer l’émergence de mal être avec délicatesse. »</p>



<p><strong>Gilles Bertrand </strong><br><strong>DG<a data-type="link" data-id="https://www.e2c-marseille.fr/" href="https://www.e2c-marseille.fr/" target="_blank" rel="noreferrer noopener"> Ecole de la deuxième chance</a></strong><br><strong>Marseille</strong> </p>



<figure class="wp-block-image size-full is-style-rounded wp-duotone-unset-2 is-style-rounded--1"><img loading="lazy" decoding="async" width="1707" height="2560" src="https://emergis.info/wp-content/uploads/2025/03/stormseeker-rX12B5uX7QM-unsplash-scaled.jpg" alt="" class="wp-image-411" style="aspect-ratio:3/2;object-fit:cover" srcset="https://emergis.info/wp-content/uploads/2025/03/stormseeker-rX12B5uX7QM-unsplash-scaled.jpg 1707w, https://emergis.info/wp-content/uploads/2025/03/stormseeker-rX12B5uX7QM-unsplash-200x300.jpg 200w, https://emergis.info/wp-content/uploads/2025/03/stormseeker-rX12B5uX7QM-unsplash-683x1024.jpg 683w, https://emergis.info/wp-content/uploads/2025/03/stormseeker-rX12B5uX7QM-unsplash-768x1152.jpg 768w, https://emergis.info/wp-content/uploads/2025/03/stormseeker-rX12B5uX7QM-unsplash-1024x1536.jpg 1024w, https://emergis.info/wp-content/uploads/2025/03/stormseeker-rX12B5uX7QM-unsplash-1365x2048.jpg 1365w" sizes="auto, (max-width: 1707px) 100vw, 1707px" /></figure>



<h2 class="wp-block-heading">Vous avez un projet pour prévenir les RPS  ?</h2>



<div class="wp-block-group has-global-padding is-layout-constrained wp-block-group-is-layout-constrained">
<div class="wp-block-group alignwide has-global-padding is-layout-constrained wp-block-group-is-layout-constrained">
<div class="wp-block-buttons is-layout-flex wp-block-buttons-is-layout-flex">
<div class="wp-block-button has-custom-width wp-block-button__width-100 is-style-fill"><a class="wp-block-button__link has-accent-2-background-color has-background wp-element-button" href="https://emergis.info/?page_id=80" target="_blank" rel="noreferrer noopener"><strong>Contactez nous</strong></a></div>
</div>



<p>Nous étudierons ensemble votre besoin et nous vous ferons une proposition adaptée qui prenne en compte votre culture et vos contraintes. Nous nous engageons à vous répondre sous 48h jours ouvrés.</p>
</div>



<p><strong>Interventions sous forme de Conseil, d&rsquo;Accompagnement ou de Formation.</strong><br><br>Basés à Salon de Provence, Nous intervenons directement en présentiel à <strong>Marseille, Aix en Provence, Avignon, Arles dans le Sud-Est, </strong>et PACA<br></p>
</div>



<div class="wp-block-buttons is-layout-flex wp-block-buttons-is-layout-flex">
<div class="wp-block-button"><a class="wp-block-button__link has-contrast-color has-accent-4-background-color has-text-color has-background has-link-color wp-element-button" href="https://emergis.info/?page_id=77" target="_blank" rel="noreferrer noopener">Qui sommes nous </a></div>



<div class="wp-block-button"><a class="wp-block-button__link wp-element-button" href="https://emergis.info/?page_id=432" target="_blank" rel="noreferrer noopener">Références </a></div>



<div class="wp-block-button"><a class="wp-block-button__link wp-element-button" href="https://emergis.info/?page_id=544" target="_blank" rel="noreferrer noopener">Témoignages</a></div>
</div>

<p>Conseil et accompagnement pour Prévenir les RPS Les risques psychosociaux (RPS) représentent un enjeu majeur pour la santé des salariés et la performance des organisations. Stress, tensions, surcharge de travail ou difficultés relationnelles peuvent fragiliser le climat social et générer absentéisme, désengagement et turnover. Prévenir les RPS, c’est mettre en place une stratégie adaptée qui [&hellip;]</p>
