{"id":323,"date":"2025-03-26T16:44:41","date_gmt":"2025-03-26T15:44:41","guid":{"rendered":"https:\/\/emergis.info\/?page_id=323"},"modified":"2025-08-29T17:09:10","modified_gmt":"2025-08-29T15:09:10","slug":"demarche-qvct","status":"publish","type":"page","link":"https:\/\/emergis.info\/?page_id=323","title":{"rendered":"D\u00e9marche QVCT"},"content":{"rendered":"\n<h1 class=\"wp-block-heading alignwide\">Mettre en place et animer une d\u00e9marche QVCT<\/h1>\n\n\n\n<p>QVCT : Qualit\u00e9 de Vie et Condition de Travail<\/p>\n\n\n\n<p>Mettre en place une d\u00e9marche QVCT, c\u2019est cr\u00e9er un cadre structur\u00e9 qui permet de pr\u00e9venir les risques psychosociaux, de favoriser l\u2019engagement et de construire un climat de confiance durable. Gr\u00e2ce \u00e0 un accompagnement adapt\u00e9, vos \u00e9quipes b\u00e9n\u00e9ficient d\u2019actions concr\u00e8tes, participatives et p\u00e9rennes qui transforment le quotidien au travail et contribuent \u00e0 l\u2019efficacit\u00e9 globale de l\u2019organisation.<\/p>\n\n\n\n<figure class=\"wp-block-image size-large\"><img loading=\"lazy\" decoding=\"async\" width=\"685\" height=\"1024\" src=\"https:\/\/emergis.info\/wp-content\/uploads\/2025\/03\/aarn-giri-3tYZjGSBwbk-unsplash-1-685x1024.jpg\" alt=\"\" class=\"wp-image-297\" style=\"aspect-ratio:4\/3;object-fit:cover\" srcset=\"https:\/\/emergis.info\/wp-content\/uploads\/2025\/03\/aarn-giri-3tYZjGSBwbk-unsplash-1-685x1024.jpg 685w, https:\/\/emergis.info\/wp-content\/uploads\/2025\/03\/aarn-giri-3tYZjGSBwbk-unsplash-1-201x300.jpg 201w, https:\/\/emergis.info\/wp-content\/uploads\/2025\/03\/aarn-giri-3tYZjGSBwbk-unsplash-1-768x1149.jpg 768w, https:\/\/emergis.info\/wp-content\/uploads\/2025\/03\/aarn-giri-3tYZjGSBwbk-unsplash-1-1027x1536.jpg 1027w, https:\/\/emergis.info\/wp-content\/uploads\/2025\/03\/aarn-giri-3tYZjGSBwbk-unsplash-1-1369x2048.jpg 1369w, https:\/\/emergis.info\/wp-content\/uploads\/2025\/03\/aarn-giri-3tYZjGSBwbk-unsplash-1-scaled.jpg 1711w\" sizes=\"auto, (max-width: 685px) 100vw, 685px\" \/><\/figure>\n\n\n\n<h2 class=\"wp-block-heading has-large-font-size\"><strong>Pourquoi&nbsp;<strong>Mettre en place et animer une d\u00e9marche QVCT<\/strong> ?<\/strong><\/h2>\n\n\n\n<p>Mettre en place et  animer avec succ\u00e8s une d\u00e9marche QVCT transforme le quotidien des \u00e9quipes. <\/p>\n\n\n\n<p>La qualit\u00e9 de vie au travail est un facteur cl\u00e9 de fid\u00e9lisation, d\u2019attractivit\u00e9, de r\u00e9duction de l&rsquo;absent\u00e9isme et d\u2019am\u00e9lioration de la coop\u00e9ration entre \u00e9quipes.<\/p>\n\n\n\n<p>Elle est essentielle pour favoriser une performance individuelle et collective durable.<\/p>\n\n\n\n<h2 class=\"wp-block-heading has-large-font-size\"><strong>Quand Mettre en place et animer une d\u00e9marche QVCT  ? <\/strong><\/h2>\n\n\n\n<p>Une d\u00e9marche d&rsquo;am\u00e9lioration de la QVCT est une d\u00e9marche d&rsquo;am\u00e9lioration continue. Elle peut d\u00e9marrer \u00e0 tout moment, d\u00e8s lors que la volont\u00e9 de progresser est partag\u00e9e par les salari\u00e9s et la direction.<br><\/p>\n\n\n\n<h2 class=\"wp-block-heading has-large-font-size\"><strong>Comment mettre en place et animer une d\u00e9marche QVCT? <\/strong><\/h2>\n\n\n\n<p>Engager une d\u00e9marche participative et structur\u00e9e. <br><span style=\"background-color: var(--wp--preset--color--base); color: var(--wp--preset--color--contrast); font-family: var(--wp--preset--font-family--body); font-size: var(--wp--preset--font-size--medium);\">Mettre en place des actions r\u00e9alistes et concr\u00e8tes<\/span>.<br>Evaluer et am\u00e9liorer.<br>Ne pas h\u00e9siter \u00e0 se faire accompagner par un sp\u00e9cialiste au moins pour le d\u00e9marrage.<br><\/p>\n\n\n\n<div style=\"height:44px\" aria-hidden=\"true\" class=\"wp-block-spacer\"><\/div>\n\n\n\n<h2 class=\"wp-block-heading\">T\u00e9moignages<\/h2>\n\n\n\n<div class=\"wp-block-group is-nowrap is-layout-flex wp-container-core-group-is-layout-6c531013 wp-block-group-is-layout-flex\">\n<h2 class=\"wp-block-heading\"><a href=\"https:\/\/emergis.info\/?page_id=678\" target=\"_blank\" rel=\"noopener\" title=\"T\u00e9moignage accompagnement mise en place d\u2019une d\u00e9marche QVCT\">Accompagnement pour la mise en place d&rsquo;une d\u00e9marche QVCT<\/a><\/h2>\n<\/div>\n\n\n\n<p><strong>\u00ab\u00a024 mois d\u2019accompagnement, des actions concr\u00e8tes et un engagement renforc\u00e9 des salari\u00e9s.\u201d<\/strong><\/p>\n\n\n\n<figure class=\"wp-block-image size-full is-style-rounded wp-duotone-unset-2 is-style-rounded--1\"><img loading=\"lazy\" decoding=\"async\" width=\"2500\" height=\"1667\" src=\"https:\/\/emergis.info\/wp-content\/uploads\/2025\/03\/zac-durant-_6HzPU9Hyfg-unsplash.jpg\" alt=\"\" class=\"wp-image-414\" style=\"aspect-ratio:3\/2;object-fit:cover\" srcset=\"https:\/\/emergis.info\/wp-content\/uploads\/2025\/03\/zac-durant-_6HzPU9Hyfg-unsplash.jpg 2500w, https:\/\/emergis.info\/wp-content\/uploads\/2025\/03\/zac-durant-_6HzPU9Hyfg-unsplash-300x200.jpg 300w, https:\/\/emergis.info\/wp-content\/uploads\/2025\/03\/zac-durant-_6HzPU9Hyfg-unsplash-1024x683.jpg 1024w, https:\/\/emergis.info\/wp-content\/uploads\/2025\/03\/zac-durant-_6HzPU9Hyfg-unsplash-768x512.jpg 768w, https:\/\/emergis.info\/wp-content\/uploads\/2025\/03\/zac-durant-_6HzPU9Hyfg-unsplash-1536x1024.jpg 1536w, https:\/\/emergis.info\/wp-content\/uploads\/2025\/03\/zac-durant-_6HzPU9Hyfg-unsplash-2048x1366.jpg 2048w\" sizes=\"auto, (max-width: 2500px) 100vw, 2500px\" \/><\/figure>\n\n\n\n<h2 class=\"wp-block-heading\">Vous avez un projet ou des questions <strong> <\/strong>mettre en place et animer une d\u00e9marche QVCT ?<\/h2>\n\n\n\n<div class=\"wp-block-group has-global-padding is-layout-constrained wp-block-group-is-layout-constrained\">\n<div class=\"wp-block-group alignwide has-global-padding is-layout-constrained wp-block-group-is-layout-constrained\">\n<div class=\"wp-block-buttons is-layout-flex wp-block-buttons-is-layout-flex\">\n<div class=\"wp-block-button has-custom-width wp-block-button__width-100 is-style-fill\"><a class=\"wp-block-button__link has-accent-2-background-color has-background wp-element-button\" href=\"https:\/\/emergis.info\/?page_id=80\" target=\"_blank\" rel=\"noreferrer noopener\"><strong>Contactez nous<\/strong><\/a><\/div>\n<\/div>\n\n\n\n<p>Nous \u00e9tudierons ensemble votre besoin et nous vous ferons une proposition adapt\u00e9e qui prenne en compte votre culture et vos contraintes. Nous nous engageons \u00e0 vous r\u00e9pondre sous 48h jours ouvr\u00e9s.<\/p>\n<\/div>\n\n\n\n<p><strong>Interventions sous forme de Conseil, d&rsquo;Accompagnement ou de Formation.<\/strong><br><br>Bas\u00e9s \u00e0 Salon de Provence, Nous intervenons directement en pr\u00e9sentiel \u00e0 <strong>Marseille, Aix en Provence, Avignon, Arles dans le Sud-Est, <\/strong>et PACA<br><\/p>\n<\/div>\n\n\n\n<div class=\"wp-block-buttons is-layout-flex wp-block-buttons-is-layout-flex\">\n<div class=\"wp-block-button\"><a class=\"wp-block-button__link has-contrast-color has-accent-4-background-color has-text-color has-background has-link-color wp-element-button\" href=\"https:\/\/emergis.info\/?page_id=77\" target=\"_blank\" rel=\"noreferrer noopener\">Qui sommes nous <\/a><\/div>\n\n\n\n<div class=\"wp-block-button\"><a class=\"wp-block-button__link wp-element-button\" href=\"https:\/\/emergis.info\/?page_id=432\" target=\"_blank\" rel=\"noreferrer noopener\">R\u00e9f\u00e9rences <\/a><\/div>\n\n\n\n<div class=\"wp-block-button\"><a class=\"wp-block-button__link wp-element-button\" href=\"https:\/\/emergis.info\/?page_id=544\" target=\"_blank\" rel=\"noreferrer noopener\">T\u00e9moignages<\/a><\/div>\n<\/div>\n","protected":false},"excerpt":{"rendered":"<p>Mettre en place et animer une d\u00e9marche QVCT QVCT : Qualit\u00e9 de Vie et Condition de Travail Mettre en place une d\u00e9marche QVCT, c\u2019est cr\u00e9er un cadre structur\u00e9 qui permet de pr\u00e9venir les risques psychosociaux, de favoriser l\u2019engagement et de construire un climat de confiance durable. Gr\u00e2ce \u00e0 un accompagnement adapt\u00e9, vos \u00e9quipes b\u00e9n\u00e9ficient d\u2019actions [&hellip;]<\/p>\n","protected":false},"author":1,"featured_media":0,"parent":0,"menu_order":0,"comment_status":"closed","ping_status":"closed","template":"","meta":{"_monsterinsights_skip_tracking":false,"_monsterinsights_sitenote_active":false,"_monsterinsights_sitenote_note":"","_monsterinsights_sitenote_category":0,"footnotes":""},"class_list":["post-323","page","type-page","status-publish","hentry"],"aioseo_notices":[],"_links":{"self":[{"href":"https:\/\/emergis.info\/index.php?rest_route=\/wp\/v2\/pages\/323","targetHints":{"allow":["GET"]}}],"collection":[{"href":"https:\/\/emergis.info\/index.php?rest_route=\/wp\/v2\/pages"}],"about":[{"href":"https:\/\/emergis.info\/index.php?rest_route=\/wp\/v2\/types\/page"}],"author":[{"embeddable":true,"href":"https:\/\/emergis.info\/index.php?rest_route=\/wp\/v2\/users\/1"}],"replies":[{"embeddable":true,"href":"https:\/\/emergis.info\/index.php?rest_route=%2Fwp%2Fv2%2Fcomments&post=323"}],"version-history":[{"count":18,"href":"https:\/\/emergis.info\/index.php?rest_route=\/wp\/v2\/pages\/323\/revisions"}],"predecessor-version":[{"id":686,"href":"https:\/\/emergis.info\/index.php?rest_route=\/wp\/v2\/pages\/323\/revisions\/686"}],"wp:attachment":[{"href":"https:\/\/emergis.info\/index.php?rest_route=%2Fwp%2Fv2%2Fmedia&parent=323"}],"curies":[{"name":"wp","href":"https:\/\/api.w.org\/{rel}","templated":true}]}}

Démarche QVCT

<h1 class="wp-block-heading alignwide">Mettre en place et animer une démarche QVCT</h1>



<p>QVCT : Qualité de Vie et Condition de Travail</p>



<p>Mettre en place une démarche QVCT, c’est créer un cadre structuré qui permet de prévenir les risques psychosociaux, de favoriser l’engagement et de construire un climat de confiance durable. Grâce à un accompagnement adapté, vos équipes bénéficient d’actions concrètes, participatives et pérennes qui transforment le quotidien au travail et contribuent à l’efficacité globale de l’organisation.</p>



<figure class="wp-block-image size-large"><img loading="lazy" decoding="async" width="685" height="1024" src="https://emergis.info/wp-content/uploads/2025/03/aarn-giri-3tYZjGSBwbk-unsplash-1-685x1024.jpg" alt="" class="wp-image-297" style="aspect-ratio:4/3;object-fit:cover" srcset="https://emergis.info/wp-content/uploads/2025/03/aarn-giri-3tYZjGSBwbk-unsplash-1-685x1024.jpg 685w, https://emergis.info/wp-content/uploads/2025/03/aarn-giri-3tYZjGSBwbk-unsplash-1-201x300.jpg 201w, https://emergis.info/wp-content/uploads/2025/03/aarn-giri-3tYZjGSBwbk-unsplash-1-768x1149.jpg 768w, https://emergis.info/wp-content/uploads/2025/03/aarn-giri-3tYZjGSBwbk-unsplash-1-1027x1536.jpg 1027w, https://emergis.info/wp-content/uploads/2025/03/aarn-giri-3tYZjGSBwbk-unsplash-1-1369x2048.jpg 1369w, https://emergis.info/wp-content/uploads/2025/03/aarn-giri-3tYZjGSBwbk-unsplash-1-scaled.jpg 1711w" sizes="auto, (max-width: 685px) 100vw, 685px" /></figure>



<h2 class="wp-block-heading has-large-font-size"><strong>Pourquoi&nbsp;<strong>Mettre en place et animer une démarche QVCT</strong> ?</strong></h2>



<p>Mettre en place et  animer avec succès une démarche QVCT transforme le quotidien des équipes. </p>



<p>La qualité de vie au travail est un facteur clé de fidélisation, d’attractivité, de réduction de l&rsquo;absentéisme et d’amélioration de la coopération entre équipes.</p>



<p>Elle est essentielle pour favoriser une performance individuelle et collective durable.</p>



<h2 class="wp-block-heading has-large-font-size"><strong>Quand Mettre en place et animer une démarche QVCT  ? </strong></h2>



<p>Une démarche d&rsquo;amélioration de la QVCT est une démarche d&rsquo;amélioration continue. Elle peut démarrer à tout moment, dès lors que la volonté de progresser est partagée par les salariés et la direction.<br></p>



<h2 class="wp-block-heading has-large-font-size"><strong>Comment mettre en place et animer une démarche QVCT? </strong></h2>



<p>Engager une démarche participative et structurée. <br><span style="background-color: var(--wp--preset--color--base); color: var(--wp--preset--color--contrast); font-family: var(--wp--preset--font-family--body); font-size: var(--wp--preset--font-size--medium);">Mettre en place des actions réalistes et concrètes</span>.<br>Evaluer et améliorer.<br>Ne pas hésiter à se faire accompagner par un spécialiste au moins pour le démarrage.<br></p>



<div style="height:44px" aria-hidden="true" class="wp-block-spacer"></div>



<h2 class="wp-block-heading">Témoignages</h2>



<div class="wp-block-group is-nowrap is-layout-flex wp-container-core-group-is-layout-6c531013 wp-block-group-is-layout-flex">
<h2 class="wp-block-heading"><a href="https://emergis.info/?page_id=678" target="_blank" rel="noopener" title="Témoignage accompagnement mise en place d’une démarche QVCT">Accompagnement pour la mise en place d&rsquo;une démarche QVCT</a></h2>
</div>



<p><strong>« 24 mois d’accompagnement, des actions concrètes et un engagement renforcé des salariés.”</strong></p>



<figure class="wp-block-image size-full is-style-rounded wp-duotone-unset-2 is-style-rounded--1"><img loading="lazy" decoding="async" width="2500" height="1667" src="https://emergis.info/wp-content/uploads/2025/03/zac-durant-_6HzPU9Hyfg-unsplash.jpg" alt="" class="wp-image-414" style="aspect-ratio:3/2;object-fit:cover" srcset="https://emergis.info/wp-content/uploads/2025/03/zac-durant-_6HzPU9Hyfg-unsplash.jpg 2500w, https://emergis.info/wp-content/uploads/2025/03/zac-durant-_6HzPU9Hyfg-unsplash-300x200.jpg 300w, https://emergis.info/wp-content/uploads/2025/03/zac-durant-_6HzPU9Hyfg-unsplash-1024x683.jpg 1024w, https://emergis.info/wp-content/uploads/2025/03/zac-durant-_6HzPU9Hyfg-unsplash-768x512.jpg 768w, https://emergis.info/wp-content/uploads/2025/03/zac-durant-_6HzPU9Hyfg-unsplash-1536x1024.jpg 1536w, https://emergis.info/wp-content/uploads/2025/03/zac-durant-_6HzPU9Hyfg-unsplash-2048x1366.jpg 2048w" sizes="auto, (max-width: 2500px) 100vw, 2500px" /></figure>



<h2 class="wp-block-heading">Vous avez un projet ou des questions <strong> </strong>mettre en place et animer une démarche QVCT ?</h2>



<div class="wp-block-group has-global-padding is-layout-constrained wp-block-group-is-layout-constrained">
<div class="wp-block-group alignwide has-global-padding is-layout-constrained wp-block-group-is-layout-constrained">
<div class="wp-block-buttons is-layout-flex wp-block-buttons-is-layout-flex">
<div class="wp-block-button has-custom-width wp-block-button__width-100 is-style-fill"><a class="wp-block-button__link has-accent-2-background-color has-background wp-element-button" href="https://emergis.info/?page_id=80" target="_blank" rel="noreferrer noopener"><strong>Contactez nous</strong></a></div>
</div>



<p>Nous étudierons ensemble votre besoin et nous vous ferons une proposition adaptée qui prenne en compte votre culture et vos contraintes. Nous nous engageons à vous répondre sous 48h jours ouvrés.</p>
</div>



<p><strong>Interventions sous forme de Conseil, d&rsquo;Accompagnement ou de Formation.</strong><br><br>Basés à Salon de Provence, Nous intervenons directement en présentiel à <strong>Marseille, Aix en Provence, Avignon, Arles dans le Sud-Est, </strong>et PACA<br></p>
</div>



<div class="wp-block-buttons is-layout-flex wp-block-buttons-is-layout-flex">
<div class="wp-block-button"><a class="wp-block-button__link has-contrast-color has-accent-4-background-color has-text-color has-background has-link-color wp-element-button" href="https://emergis.info/?page_id=77" target="_blank" rel="noreferrer noopener">Qui sommes nous </a></div>



<div class="wp-block-button"><a class="wp-block-button__link wp-element-button" href="https://emergis.info/?page_id=432" target="_blank" rel="noreferrer noopener">Références </a></div>



<div class="wp-block-button"><a class="wp-block-button__link wp-element-button" href="https://emergis.info/?page_id=544" target="_blank" rel="noreferrer noopener">Témoignages</a></div>
</div>

<p>Mettre en place et animer une démarche QVCT QVCT : Qualité de Vie et Condition de Travail Mettre en place une démarche QVCT, c’est créer un cadre structuré qui permet de prévenir les risques psychosociaux, de favoriser l’engagement et de construire un climat de confiance durable. Grâce à un accompagnement adapté, vos équipes bénéficient d’actions [&hellip;]</p>
