{"id":17,"date":"2025-03-21T17:58:32","date_gmt":"2025-03-21T16:58:32","guid":{"rendered":"https:\/\/emergis.info\/?page_id=17"},"modified":"2025-08-29T16:29:28","modified_gmt":"2025-08-29T14:29:28","slug":"conseil-en-organisation","status":"publish","type":"page","link":"https:\/\/emergis.info\/?page_id=17","title":{"rendered":"Conseil en Organisation"},"content":{"rendered":"\n<h1 class=\"wp-block-heading alignwide has-text-align-center\">Conseil en organisation et gestion du changement<\/h1>\n\n\n\n<figure class=\"wp-block-image alignwide size-large\"><img loading=\"lazy\" decoding=\"async\" width=\"1024\" height=\"311\" src=\"https:\/\/emergis.info\/wp-content\/uploads\/2025\/03\/bandeau-linkedin-1024x311.png\" alt=\"\" class=\"wp-image-175\" srcset=\"https:\/\/emergis.info\/wp-content\/uploads\/2025\/03\/bandeau-linkedin-1024x311.png 1024w, https:\/\/emergis.info\/wp-content\/uploads\/2025\/03\/bandeau-linkedin-300x91.png 300w, https:\/\/emergis.info\/wp-content\/uploads\/2025\/03\/bandeau-linkedin-768x233.png 768w, https:\/\/emergis.info\/wp-content\/uploads\/2025\/03\/bandeau-linkedin.png 1400w\" sizes=\"auto, (max-width: 1024px) 100vw, 1024px\" \/><\/figure>\n\n\n\n<div style=\"height:54px\" aria-hidden=\"true\" class=\"wp-block-spacer\"><\/div>\n\n\n\n<h3 class=\"wp-block-heading has-large-font-size\"><strong>Les 3 temps forts de nos interventions de conseil en organisation et gestion du changement en entreprise :<\/strong><\/h3>\n\n\n\n<ul class=\"wp-block-list\">\n<li>Etat des lieux et diagnostic organisationnel&nbsp;<\/li>\n\n\n\n<li>Apport de m\u00e9thodologie et d\u2019expertise pour l\u2019analyse et l\u2019identification des points de vigilance et les pistes de progr\u00e8s<\/li>\n\n\n\n<li class=\"has-medium-font-size\">Accompagnement des \u00e9quipes pour d\u00e9finir et mettre en \u0153uvre les actions d\u00e9finies et le suivi.<\/li>\n<\/ul>\n\n\n\n<div style=\"height:16px\" aria-hidden=\"true\" class=\"wp-block-spacer\"><\/div>\n\n\n\n<h3 class=\"wp-block-heading\"><strong>Nos atouts :<\/strong><\/h3>\n\n\n\n<div class=\"wp-block-group is-layout-grid wp-container-core-group-is-layout-478b6e6b wp-block-group-is-layout-grid\">\n<p class=\"has-medium-font-size wp-container-content-69bc4bdf\">Exp\u00e9rience op\u00e9rationnelle de plus de 30 ans &nbsp;<\/p>\n\n\n\n<p class=\"has-medium-font-size wp-container-content-69bc4bdf\">Interventions pragmatiques et sur-mesure<\/p>\n\n\n\n<p class=\"has-medium-font-size wp-container-content-69bc4bdf\">R\u00e9sultats concrets et r\u00e9alistes adapt\u00e9s \u00e0 votre structure<\/p>\n\n\n\n<p class=\"has-medium-font-size wp-container-content-69bc4bdf\">Bas\u00e9 \u00e0 Salon de Provence<\/p>\n<\/div>\n\n\n\n<div class=\"wp-block-group alignwide has-global-padding is-content-justification-center is-layout-constrained wp-container-core-group-is-layout-70bb19b6 wp-block-group-is-layout-constrained\" style=\"margin-top:0;margin-bottom:0;padding-top:var(--wp--preset--spacing--50);padding-bottom:var(--wp--preset--spacing--50)\">\n<div class=\"wp-block-group alignwide has-global-padding is-content-justification-left is-layout-constrained wp-container-core-group-is-layout-12dd3699 wp-block-group-is-layout-constrained\">\n<p class=\"has-large-font-size\">De la m\u00e9thode, de l\u2019humain, du r\u00e9sultat<\/p>\n<\/div>\n\n\n\n<div class=\"wp-block-columns alignwide is-layout-flex wp-container-core-columns-is-layout-cdebebb7 wp-block-columns-is-layout-flex\" style=\"padding-top:0;padding-bottom:0\">\n<div class=\"wp-block-column is-vertically-aligned-top is-layout-flow wp-container-core-column-is-layout-8ad66c59 wp-block-column-is-layout-flow\" style=\"padding-top:var(--wp--preset--spacing--70)\">\n<h2 class=\"wp-block-heading has-large-font-size\"><strong><a href=\"https:\/\/emergis.info\/?page_id=208\" target=\"_blank\" rel=\"noopener\" title=\"Diagnostic organisationnel\">Diagnostic organisationnel<\/a><\/strong><\/h2>\n\n\n\n<p><\/p>\n\n\n\n<div class=\"wp-block-group is-vertical is-layout-flex wp-container-core-group-is-layout-971a3e1f wp-block-group-is-layout-flex\" style=\"padding-top:var(--wp--preset--spacing--30)\">\n<figure class=\"wp-block-image size-large\"><a href=\"https:\/\/emergis.info\/?page_id=208\" target=\"_blank\" rel=\" noreferrer noopener\"><img loading=\"lazy\" decoding=\"async\" width=\"1024\" height=\"683\" src=\"https:\/\/emergis.info\/wp-content\/uploads\/2025\/03\/martin-sanchez-SL1co_Etck8-unsplash-1-1024x683.jpg\" alt=\"\" class=\"wp-image-187\" style=\"aspect-ratio:4\/3;object-fit:cover\" srcset=\"https:\/\/emergis.info\/wp-content\/uploads\/2025\/03\/martin-sanchez-SL1co_Etck8-unsplash-1-1024x683.jpg 1024w, https:\/\/emergis.info\/wp-content\/uploads\/2025\/03\/martin-sanchez-SL1co_Etck8-unsplash-1-300x200.jpg 300w, https:\/\/emergis.info\/wp-content\/uploads\/2025\/03\/martin-sanchez-SL1co_Etck8-unsplash-1-768x512.jpg 768w, https:\/\/emergis.info\/wp-content\/uploads\/2025\/03\/martin-sanchez-SL1co_Etck8-unsplash-1-1536x1024.jpg 1536w, https:\/\/emergis.info\/wp-content\/uploads\/2025\/03\/martin-sanchez-SL1co_Etck8-unsplash-1-2048x1365.jpg 2048w\" sizes=\"auto, (max-width: 1024px) 100vw, 1024px\" \/><\/a><\/figure>\n<\/div>\n\n\n\n<p><\/p>\n\n\n\n<p class=\"has-medium-font-size\">Temps fort de la vie d\u2019une entreprise, le <a href=\"https:\/\/emergis.info\/?page_id=208\" data-type=\"page\" data-id=\"208\" target=\"_blank\" rel=\"noreferrer noopener\">diagnostic organisationnel <\/a>est une v\u00e9ritable prise de recul sur le fonctionnement global de l\u2019organisation.<br><br>Il est n\u00e9cessaire pour initier ou \u00e9valuer des actions d\u2019am\u00e9lioration individuelles ou collectives<\/p>\n<\/div>\n\n\n\n<div class=\"wp-block-column is-layout-flow wp-container-core-column-is-layout-8ad66c59 wp-block-column-is-layout-flow\" style=\"padding-top:var(--wp--preset--spacing--70)\">\n<h2 class=\"wp-block-heading has-large-font-size\"><a href=\"https:\/\/emergis.info\/?page_id=182\" target=\"_blank\" rel=\"noopener\" title=\"Gestion du Changement\"><strong><strong>Gestion du changement<\/strong><\/strong><br><strong>dans les organisations<\/strong><\/a><\/h2>\n\n\n\n<div class=\"wp-block-group is-vertical is-layout-flex wp-container-core-group-is-layout-971a3e1f wp-block-group-is-layout-flex\" style=\"padding-top:var(--wp--preset--spacing--30)\">\n<figure class=\"wp-block-image size-large\"><a href=\"https:\/\/emergis.info\/?page_id=182\" target=\"_blank\" rel=\" noreferrer noopener\"><img loading=\"lazy\" decoding=\"async\" width=\"1024\" height=\"637\" src=\"https:\/\/emergis.info\/wp-content\/uploads\/2025\/03\/hakon-grimstad-hteXWSF9jA4-unsplash-1-1-1024x637.jpg\" alt=\"\" class=\"wp-image-204\" style=\"aspect-ratio:4\/3;object-fit:cover\" srcset=\"https:\/\/emergis.info\/wp-content\/uploads\/2025\/03\/hakon-grimstad-hteXWSF9jA4-unsplash-1-1-1024x637.jpg 1024w, https:\/\/emergis.info\/wp-content\/uploads\/2025\/03\/hakon-grimstad-hteXWSF9jA4-unsplash-1-1-300x187.jpg 300w, https:\/\/emergis.info\/wp-content\/uploads\/2025\/03\/hakon-grimstad-hteXWSF9jA4-unsplash-1-1-768x478.jpg 768w, https:\/\/emergis.info\/wp-content\/uploads\/2025\/03\/hakon-grimstad-hteXWSF9jA4-unsplash-1-1-1536x956.jpg 1536w, https:\/\/emergis.info\/wp-content\/uploads\/2025\/03\/hakon-grimstad-hteXWSF9jA4-unsplash-1-1-2048x1275.jpg 2048w\" sizes=\"auto, (max-width: 1024px) 100vw, 1024px\" \/><\/a><\/figure>\n\n\n\n<p class=\"has-medium-font-size\">Le <a href=\"https:\/\/emergis.info\/?page_id=182\" data-type=\"page\" data-id=\"182\" target=\"_blank\" rel=\"noreferrer noopener\">changement organisationnel<\/a>&nbsp;est une r\u00e9alit\u00e9 quotidienne pour les structures qui souhaitent se d\u00e9velopper.<br><br>Le contexte \u00e9conomique actuel d\u2019innovation permanente, de concurrence exacerb\u00e9e et parfois de pressions financi\u00e8res importantes les y oblige.<\/p>\n<\/div>\n<\/div>\n\n\n\n<div class=\"wp-block-column is-layout-flow wp-container-core-column-is-layout-8ad66c59 wp-block-column-is-layout-flow\" style=\"padding-top:var(--wp--preset--spacing--70)\">\n<h2 class=\"wp-block-heading has-large-font-size\"><a href=\"https:\/\/emergis.info\/?page_id=232\" target=\"_blank\" rel=\"noopener\" title=\"Casser les silos\"><strong>Casser les silos<\/strong> <strong>dans l&rsquo;organisation<\/strong><\/a><\/h2>\n\n\n\n<p><\/p>\n\n\n\n<div class=\"wp-block-group is-vertical is-layout-flex wp-container-core-group-is-layout-971a3e1f wp-block-group-is-layout-flex\" style=\"padding-top:var(--wp--preset--spacing--30)\">\n<figure class=\"wp-block-image size-large\"><a href=\"https:\/\/emergis.info\/?page_id=232\" target=\"_blank\" rel=\" noreferrer noopener\"><img loading=\"lazy\" decoding=\"async\" width=\"1024\" height=\"683\" src=\"https:\/\/emergis.info\/wp-content\/uploads\/2025\/03\/henry-co-M3KfixgdCko-unsplash-1-1024x683.jpg\" alt=\"\" class=\"wp-image-200\" style=\"aspect-ratio:4\/3;object-fit:cover\" srcset=\"https:\/\/emergis.info\/wp-content\/uploads\/2025\/03\/henry-co-M3KfixgdCko-unsplash-1-1024x683.jpg 1024w, https:\/\/emergis.info\/wp-content\/uploads\/2025\/03\/henry-co-M3KfixgdCko-unsplash-1-300x200.jpg 300w, https:\/\/emergis.info\/wp-content\/uploads\/2025\/03\/henry-co-M3KfixgdCko-unsplash-1-768x512.jpg 768w, https:\/\/emergis.info\/wp-content\/uploads\/2025\/03\/henry-co-M3KfixgdCko-unsplash-1-1536x1024.jpg 1536w, https:\/\/emergis.info\/wp-content\/uploads\/2025\/03\/henry-co-M3KfixgdCko-unsplash-1-2048x1365.jpg 2048w\" sizes=\"auto, (max-width: 1024px) 100vw, 1024px\" \/><\/a><\/figure>\n\n\n\n<p class=\"has-medium-font-size\"><a href=\"https:\/\/emergis.info\/?page_id=232\" data-type=\"page\" data-id=\"232\" target=\"_blank\" rel=\"noreferrer noopener\">Casser les silos<\/a> et d\u00e9cloisonner les organisations est un enjeu essentiel pour accro\u00eetre la&nbsp;performance de l\u2019entreprise&nbsp;et la&nbsp;coh\u00e9sion d&rsquo;\u00e9quipe.<br><br>Cela permet de r\u00e9duire les conflits et&nbsp;et de redonner du sens au travail<\/p>\n<\/div>\n<\/div>\n<\/div>\n<\/div>\n\n\n\n<div class=\"wp-block-group has-global-padding is-layout-constrained wp-block-group-is-layout-constrained\">\n<p class=\"has-large-font-size\">Vous avez un besoin ou des questions pour am\u00e9liorer l&rsquo;organisation de votre structure ?<\/p>\n\n\n\n<p><\/p>\n\n\n\n<div class=\"wp-block-buttons is-layout-flex wp-block-buttons-is-layout-flex\"><\/div>\n<\/div>\n\n\n\n<div class=\"wp-block-group alignwide has-global-padding is-layout-constrained wp-block-group-is-layout-constrained\">\n<div class=\"wp-block-buttons is-layout-flex wp-block-buttons-is-layout-flex\">\n<div class=\"wp-block-button has-custom-width wp-block-button__width-100 is-style-fill\"><a class=\"wp-block-button__link has-accent-2-background-color has-background wp-element-button\" href=\"https:\/\/emergis.info\/?page_id=80\" target=\"_blank\" rel=\"noreferrer noopener\"><strong>Contactez nous<\/strong><\/a><\/div>\n<\/div>\n\n\n\n<p>Nous \u00e9tudierons ensemble votre besoin et nous vous ferons une proposition adapt\u00e9e qui prenne en compte votre culture et vos contraintes.<br><br>Bas\u00e9s \u00e0 Salon de Provence, Nous intervenons directement en pr\u00e9sentiel dans la r\u00e9gion Sud, <strong>Marseille, Aix en Provence, Avignon, Arles , <\/strong>et au del\u00e0.<br><\/p>\n\n\n\n<hr class=\"wp-block-separator has-alpha-channel-opacity\"\/>\n<\/div>\n\n\n\n<div class=\"wp-block-buttons is-layout-flex wp-block-buttons-is-layout-flex\">\n<div class=\"wp-block-button\"><a class=\"wp-block-button__link has-contrast-color has-accent-4-background-color has-text-color has-background has-link-color wp-element-button\" href=\"https:\/\/emergis.info\/?page_id=77\" target=\"_blank\" rel=\"noreferrer noopener\">Qui sommes nous <\/a><\/div>\n\n\n\n<div class=\"wp-block-button\"><a class=\"wp-block-button__link wp-element-button\" href=\"https:\/\/emergis.info\/?page_id=432\" target=\"_blank\" rel=\"noreferrer noopener\">R\u00e9f\u00e9rences <\/a><\/div>\n\n\n\n<div class=\"wp-block-button\"><a class=\"wp-block-button__link wp-element-button\" href=\"https:\/\/emergis.info\/?page_id=544\" target=\"_blank\" rel=\"noreferrer noopener\">T\u00e9moignages<\/a><\/div>\n<\/div>\n\n\n\n<p><\/p>\n","protected":false},"excerpt":{"rendered":"<p>Conseil en organisation et gestion du changement Les 3 temps forts de nos interventions de conseil en organisation et gestion du changement en entreprise : Nos atouts : Exp\u00e9rience op\u00e9rationnelle de plus de 30 ans &nbsp; Interventions pragmatiques et sur-mesure R\u00e9sultats concrets et r\u00e9alistes adapt\u00e9s \u00e0 votre structure Bas\u00e9 \u00e0 Salon de Provence De la [&hellip;]<\/p>\n","protected":false},"author":1,"featured_media":0,"parent":0,"menu_order":0,"comment_status":"closed","ping_status":"closed","template":"","meta":{"_monsterinsights_skip_tracking":false,"_monsterinsights_sitenote_active":false,"_monsterinsights_sitenote_note":"","_monsterinsights_sitenote_category":0,"footnotes":""},"class_list":["post-17","page","type-page","status-publish","hentry"],"aioseo_notices":[],"_links":{"self":[{"href":"https:\/\/emergis.info\/index.php?rest_route=\/wp\/v2\/pages\/17","targetHints":{"allow":["GET"]}}],"collection":[{"href":"https:\/\/emergis.info\/index.php?rest_route=\/wp\/v2\/pages"}],"about":[{"href":"https:\/\/emergis.info\/index.php?rest_route=\/wp\/v2\/types\/page"}],"author":[{"embeddable":true,"href":"https:\/\/emergis.info\/index.php?rest_route=\/wp\/v2\/users\/1"}],"replies":[{"embeddable":true,"href":"https:\/\/emergis.info\/index.php?rest_route=%2Fwp%2Fv2%2Fcomments&post=17"}],"version-history":[{"count":38,"href":"https:\/\/emergis.info\/index.php?rest_route=\/wp\/v2\/pages\/17\/revisions"}],"predecessor-version":[{"id":664,"href":"https:\/\/emergis.info\/index.php?rest_route=\/wp\/v2\/pages\/17\/revisions\/664"}],"wp:attachment":[{"href":"https:\/\/emergis.info\/index.php?rest_route=%2Fwp%2Fv2%2Fmedia&parent=17"}],"curies":[{"name":"wp","href":"https:\/\/api.w.org\/{rel}","templated":true}]}}

<h1 class="wp-block-heading alignwide has-text-align-center">Conseil en organisation et gestion du changement</h1>



<figure class="wp-block-image alignwide size-large"><img loading="lazy" decoding="async" width="1024" height="311" src="https://emergis.info/wp-content/uploads/2025/03/bandeau-linkedin-1024x311.png" alt="" class="wp-image-175" srcset="https://emergis.info/wp-content/uploads/2025/03/bandeau-linkedin-1024x311.png 1024w, https://emergis.info/wp-content/uploads/2025/03/bandeau-linkedin-300x91.png 300w, https://emergis.info/wp-content/uploads/2025/03/bandeau-linkedin-768x233.png 768w, https://emergis.info/wp-content/uploads/2025/03/bandeau-linkedin.png 1400w" sizes="auto, (max-width: 1024px) 100vw, 1024px" /></figure>



<div style="height:54px" aria-hidden="true" class="wp-block-spacer"></div>



<h3 class="wp-block-heading has-large-font-size"><strong>Les 3 temps forts de nos interventions de conseil en organisation et gestion du changement en entreprise :</strong></h3>



<ul class="wp-block-list">
<li>Etat des lieux et diagnostic organisationnel&nbsp;</li>



<li>Apport de méthodologie et d’expertise pour l’analyse et l’identification des points de vigilance et les pistes de progrès</li>



<li class="has-medium-font-size">Accompagnement des équipes pour définir et mettre en œuvre les actions définies et le suivi.</li>
</ul>



<div style="height:16px" aria-hidden="true" class="wp-block-spacer"></div>



<h3 class="wp-block-heading"><strong>Nos atouts :</strong></h3>



<div class="wp-block-group is-layout-grid wp-container-core-group-is-layout-478b6e6b wp-block-group-is-layout-grid">
<p class="has-medium-font-size wp-container-content-69bc4bdf">Expérience opérationnelle de plus de 30 ans &nbsp;</p>



<p class="has-medium-font-size wp-container-content-69bc4bdf">Interventions pragmatiques et sur-mesure</p>



<p class="has-medium-font-size wp-container-content-69bc4bdf">Résultats concrets et réalistes adaptés à votre structure</p>



<p class="has-medium-font-size wp-container-content-69bc4bdf">Basé à Salon de Provence</p>
</div>



<div class="wp-block-group alignwide has-global-padding is-content-justification-center is-layout-constrained wp-container-core-group-is-layout-70bb19b6 wp-block-group-is-layout-constrained" style="margin-top:0;margin-bottom:0;padding-top:var(--wp--preset--spacing--50);padding-bottom:var(--wp--preset--spacing--50)">
<div class="wp-block-group alignwide has-global-padding is-content-justification-left is-layout-constrained wp-container-core-group-is-layout-12dd3699 wp-block-group-is-layout-constrained">
<p class="has-large-font-size">De la méthode, de l’humain, du résultat</p>
</div>



<div class="wp-block-columns alignwide is-layout-flex wp-container-core-columns-is-layout-cdebebb7 wp-block-columns-is-layout-flex" style="padding-top:0;padding-bottom:0">
<div class="wp-block-column is-vertically-aligned-top is-layout-flow wp-container-core-column-is-layout-8ad66c59 wp-block-column-is-layout-flow" style="padding-top:var(--wp--preset--spacing--70)">
<h2 class="wp-block-heading has-large-font-size"><strong><a href="https://emergis.info/?page_id=208" target="_blank" rel="noopener" title="Diagnostic organisationnel">Diagnostic organisationnel</a></strong></h2>



<p></p>



<div class="wp-block-group is-vertical is-layout-flex wp-container-core-group-is-layout-971a3e1f wp-block-group-is-layout-flex" style="padding-top:var(--wp--preset--spacing--30)">
<figure class="wp-block-image size-large"><a href="https://emergis.info/?page_id=208" target="_blank" rel=" noreferrer noopener"><img loading="lazy" decoding="async" width="1024" height="683" src="https://emergis.info/wp-content/uploads/2025/03/martin-sanchez-SL1co_Etck8-unsplash-1-1024x683.jpg" alt="" class="wp-image-187" style="aspect-ratio:4/3;object-fit:cover" srcset="https://emergis.info/wp-content/uploads/2025/03/martin-sanchez-SL1co_Etck8-unsplash-1-1024x683.jpg 1024w, https://emergis.info/wp-content/uploads/2025/03/martin-sanchez-SL1co_Etck8-unsplash-1-300x200.jpg 300w, https://emergis.info/wp-content/uploads/2025/03/martin-sanchez-SL1co_Etck8-unsplash-1-768x512.jpg 768w, https://emergis.info/wp-content/uploads/2025/03/martin-sanchez-SL1co_Etck8-unsplash-1-1536x1024.jpg 1536w, https://emergis.info/wp-content/uploads/2025/03/martin-sanchez-SL1co_Etck8-unsplash-1-2048x1365.jpg 2048w" sizes="auto, (max-width: 1024px) 100vw, 1024px" /></a></figure>
</div>



<p></p>



<p class="has-medium-font-size">Temps fort de la vie d’une entreprise, le <a href="https://emergis.info/?page_id=208" data-type="page" data-id="208" target="_blank" rel="noreferrer noopener">diagnostic organisationnel </a>est une véritable prise de recul sur le fonctionnement global de l’organisation.<br><br>Il est nécessaire pour initier ou évaluer des actions d’amélioration individuelles ou collectives</p>
</div>



<div class="wp-block-column is-layout-flow wp-container-core-column-is-layout-8ad66c59 wp-block-column-is-layout-flow" style="padding-top:var(--wp--preset--spacing--70)">
<h2 class="wp-block-heading has-large-font-size"><a href="https://emergis.info/?page_id=182" target="_blank" rel="noopener" title="Gestion du Changement"><strong><strong>Gestion du changement</strong></strong><br><strong>dans les organisations</strong></a></h2>



<div class="wp-block-group is-vertical is-layout-flex wp-container-core-group-is-layout-971a3e1f wp-block-group-is-layout-flex" style="padding-top:var(--wp--preset--spacing--30)">
<figure class="wp-block-image size-large"><a href="https://emergis.info/?page_id=182" target="_blank" rel=" noreferrer noopener"><img loading="lazy" decoding="async" width="1024" height="637" src="https://emergis.info/wp-content/uploads/2025/03/hakon-grimstad-hteXWSF9jA4-unsplash-1-1-1024x637.jpg" alt="" class="wp-image-204" style="aspect-ratio:4/3;object-fit:cover" srcset="https://emergis.info/wp-content/uploads/2025/03/hakon-grimstad-hteXWSF9jA4-unsplash-1-1-1024x637.jpg 1024w, https://emergis.info/wp-content/uploads/2025/03/hakon-grimstad-hteXWSF9jA4-unsplash-1-1-300x187.jpg 300w, https://emergis.info/wp-content/uploads/2025/03/hakon-grimstad-hteXWSF9jA4-unsplash-1-1-768x478.jpg 768w, https://emergis.info/wp-content/uploads/2025/03/hakon-grimstad-hteXWSF9jA4-unsplash-1-1-1536x956.jpg 1536w, https://emergis.info/wp-content/uploads/2025/03/hakon-grimstad-hteXWSF9jA4-unsplash-1-1-2048x1275.jpg 2048w" sizes="auto, (max-width: 1024px) 100vw, 1024px" /></a></figure>



<p class="has-medium-font-size">Le <a href="https://emergis.info/?page_id=182" data-type="page" data-id="182" target="_blank" rel="noreferrer noopener">changement organisationnel</a>&nbsp;est une réalité quotidienne pour les structures qui souhaitent se développer.<br><br>Le contexte économique actuel d’innovation permanente, de concurrence exacerbée et parfois de pressions financières importantes les y oblige.</p>
</div>
</div>



<div class="wp-block-column is-layout-flow wp-container-core-column-is-layout-8ad66c59 wp-block-column-is-layout-flow" style="padding-top:var(--wp--preset--spacing--70)">
<h2 class="wp-block-heading has-large-font-size"><a href="https://emergis.info/?page_id=232" target="_blank" rel="noopener" title="Casser les silos"><strong>Casser les silos</strong> <strong>dans l&rsquo;organisation</strong></a></h2>



<p></p>



<div class="wp-block-group is-vertical is-layout-flex wp-container-core-group-is-layout-971a3e1f wp-block-group-is-layout-flex" style="padding-top:var(--wp--preset--spacing--30)">
<figure class="wp-block-image size-large"><a href="https://emergis.info/?page_id=232" target="_blank" rel=" noreferrer noopener"><img loading="lazy" decoding="async" width="1024" height="683" src="https://emergis.info/wp-content/uploads/2025/03/henry-co-M3KfixgdCko-unsplash-1-1024x683.jpg" alt="" class="wp-image-200" style="aspect-ratio:4/3;object-fit:cover" srcset="https://emergis.info/wp-content/uploads/2025/03/henry-co-M3KfixgdCko-unsplash-1-1024x683.jpg 1024w, https://emergis.info/wp-content/uploads/2025/03/henry-co-M3KfixgdCko-unsplash-1-300x200.jpg 300w, https://emergis.info/wp-content/uploads/2025/03/henry-co-M3KfixgdCko-unsplash-1-768x512.jpg 768w, https://emergis.info/wp-content/uploads/2025/03/henry-co-M3KfixgdCko-unsplash-1-1536x1024.jpg 1536w, https://emergis.info/wp-content/uploads/2025/03/henry-co-M3KfixgdCko-unsplash-1-2048x1365.jpg 2048w" sizes="auto, (max-width: 1024px) 100vw, 1024px" /></a></figure>



<p class="has-medium-font-size"><a href="https://emergis.info/?page_id=232" data-type="page" data-id="232" target="_blank" rel="noreferrer noopener">Casser les silos</a> et décloisonner les organisations est un enjeu essentiel pour accroître la&nbsp;performance de l’entreprise&nbsp;et la&nbsp;cohésion d&rsquo;équipe.<br><br>Cela permet de réduire les conflits et&nbsp;et de redonner du sens au travail</p>
</div>
</div>
</div>
</div>



<div class="wp-block-group has-global-padding is-layout-constrained wp-block-group-is-layout-constrained">
<p class="has-large-font-size">Vous avez un besoin ou des questions pour améliorer l&rsquo;organisation de votre structure ?</p>



<p></p>



<div class="wp-block-buttons is-layout-flex wp-block-buttons-is-layout-flex"></div>
</div>



<div class="wp-block-group alignwide has-global-padding is-layout-constrained wp-block-group-is-layout-constrained">
<div class="wp-block-buttons is-layout-flex wp-block-buttons-is-layout-flex">
<div class="wp-block-button has-custom-width wp-block-button__width-100 is-style-fill"><a class="wp-block-button__link has-accent-2-background-color has-background wp-element-button" href="https://emergis.info/?page_id=80" target="_blank" rel="noreferrer noopener"><strong>Contactez nous</strong></a></div>
</div>



<p>Nous étudierons ensemble votre besoin et nous vous ferons une proposition adaptée qui prenne en compte votre culture et vos contraintes.<br><br>Basés à Salon de Provence, Nous intervenons directement en présentiel dans la région Sud, <strong>Marseille, Aix en Provence, Avignon, Arles , </strong>et au delà.<br></p>



<hr class="wp-block-separator has-alpha-channel-opacity"/>
</div>



<div class="wp-block-buttons is-layout-flex wp-block-buttons-is-layout-flex">
<div class="wp-block-button"><a class="wp-block-button__link has-contrast-color has-accent-4-background-color has-text-color has-background has-link-color wp-element-button" href="https://emergis.info/?page_id=77" target="_blank" rel="noreferrer noopener">Qui sommes nous </a></div>



<div class="wp-block-button"><a class="wp-block-button__link wp-element-button" href="https://emergis.info/?page_id=432" target="_blank" rel="noreferrer noopener">Références </a></div>



<div class="wp-block-button"><a class="wp-block-button__link wp-element-button" href="https://emergis.info/?page_id=544" target="_blank" rel="noreferrer noopener">Témoignages</a></div>
</div>



<p></p>

<p>Conseil en organisation et gestion du changement Les 3 temps forts de nos interventions de conseil en organisation et gestion du changement en entreprise : Nos atouts : Expérience opérationnelle de plus de 30 ans &nbsp; Interventions pragmatiques et sur-mesure Résultats concrets et réalistes adaptés à votre structure Basé à Salon de Provence De la [&hellip;]</p>
