{"id":14,"date":"2025-03-21T17:58:14","date_gmt":"2025-03-21T16:58:14","guid":{"rendered":"https:\/\/emergis.info\/?page_id=14"},"modified":"2026-03-26T09:45:56","modified_gmt":"2026-03-26T08:45:56","slug":"accueil-conseil-en-organisation-management-et-conditions-de-travail","status":"publish","type":"page","link":"https:\/\/emergis.info\/","title":{"rendered":"Conseil en organisation et management, gestion du changement et QVCT"},"content":{"rendered":"\n<h1 class=\"wp-block-heading alignwide has-text-align-center\">Conseil en organisation et management,  gestion du changement et QVCT<\/h1>\n\n\n\n<p class=\"has-text-align-center\"><br>Fort de son <a href=\"https:\/\/emergis.info\/?page_id=77\" data-type=\"page\" data-id=\"77\" target=\"_blank\" rel=\"noreferrer noopener\">expertise en conseil en organisation et management<\/a> Emergis accompagne dirigeants, managers et responsables RH dans l&rsquo;am\u00e9lioration de leurs organisations et management.<\/p>\n\n\n\n<p class=\"has-text-align-center\">Nous vous aidons dans la conduite du changement afin de renforcer la performance durable et d&rsquo;am\u00e9liorer la QVCT au sein des \u00e9quipes.<br>Nous conjuguons performance et bien-\u00eatre au travail pour des organisations plus efficaces et humaines .<\/p>\n\n\n\n<p class=\"has-text-align-center\">Emergis, c&rsquo;est de la m\u00e9thode, de l\u2019humain, du r\u00e9sultat<\/p>\n\n\n\n<div class=\"wp-block-buttons is-layout-flex wp-block-buttons-is-layout-flex\">\n<div class=\"wp-block-button has-custom-width wp-block-button__width-100 is-style-fill\"><a class=\"wp-block-button__link has-accent-2-background-color has-background wp-element-button\" href=\"https:\/\/emergis.info\/?page_id=80\" target=\"_blank\" rel=\"noreferrer noopener\"><strong>Contactez nous<\/strong> -PACA-Aix Marseille<\/a><\/div>\n<\/div>\n\n\n\n<div class=\"wp-block-group alignfull has-global-padding is-content-justification-center is-layout-constrained wp-container-core-group-is-layout-70bb19b6 wp-block-group-is-layout-constrained\" style=\"margin-top:0;margin-bottom:0;padding-top:var(--wp--preset--spacing--50);padding-bottom:var(--wp--preset--spacing--50)\">\n<div class=\"wp-block-group alignwide has-global-padding is-content-justification-left is-layout-constrained wp-container-core-group-is-layout-12dd3699 wp-block-group-is-layout-constrained\">\n<h2 class=\"wp-block-heading has-text-align-center has-base-background-color has-background has-x-large-font-size\"><strong>Nos interventions<\/strong> -PACA -Aix- Marseille<\/h2>\n\n\n\n<p>&nbsp;<\/p>\n<\/div>\n\n\n\n<div class=\"wp-block-columns is-layout-flex wp-container-core-columns-is-layout-28f84493 wp-block-columns-is-layout-flex\">\n<div class=\"wp-block-column is-layout-flow wp-block-column-is-layout-flow\">\n<p>Toutes nos interventions de <strong>conseil en organisation, management, gestion du changement et QVCT<\/strong> sont construites sur mesure pour r\u00e9pondre \u00e0 vos enjeux et vos contraintes.<\/p>\n\n\n\n<p>&nbsp;Nous nous appuyons sur une <strong>expertise<\/strong> de management op\u00e9rationnel, d\u2019accompagnement et de conseil &nbsp;de structures de toutes tailles et de tout domaine, <strong>de plus de 30<\/strong>, dans des contextes vari\u00e9s&nbsp;: croissance, changement organisationnels ou manag\u00e9rial, tension sociale\u2026<\/p>\n\n\n\n<p>Nous sommes membres actifs &nbsp;des <strong>r\u00e9seaux r\u00e9gionaux d\u2019experts <\/strong>sur les conditions de travail, la QVT et les RPS.<\/p>\n<\/div>\n\n\n\n<div class=\"wp-block-column is-layout-flow wp-block-column-is-layout-flow\">\n<div class=\"wp-block-buttons is-layout-flex wp-block-buttons-is-layout-flex\">\n<div class=\"wp-block-button\"><a class=\"wp-block-button__link has-contrast-color has-accent-4-background-color has-text-color has-background has-link-color wp-element-button\" href=\"https:\/\/emergis.info\/?page_id=77\" target=\"_blank\" rel=\"noreferrer noopener\">Qui sommes nous <\/a><\/div>\n\n\n\n<div class=\"wp-block-button\"><a class=\"wp-block-button__link wp-element-button\" href=\"https:\/\/emergis.info\/?page_id=432\" target=\"_blank\" rel=\"noreferrer noopener\">R\u00e9f\u00e9rences <\/a><\/div>\n\n\n\n<div class=\"wp-block-button\"><a class=\"wp-block-button__link wp-element-button\" href=\"https:\/\/emergis.info\/?page_id=544\" target=\"_blank\" rel=\"noreferrer noopener\">T\u00e9moignages<\/a><\/div>\n<\/div>\n<\/div>\n<\/div>\n\n\n\n<div class=\"wp-block-columns alignwide is-layout-flex wp-container-core-columns-is-layout-cdebebb7 wp-block-columns-is-layout-flex\" style=\"padding-top:0;padding-bottom:0\">\n<div class=\"wp-block-column is-layout-flow wp-container-core-column-is-layout-8ad66c59 wp-block-column-is-layout-flow\" style=\"padding-top:var(--wp--preset--spacing--70)\">\n<figure class=\"wp-block-image size-full\"><a href=\"https:\/\/emergis.info\/?page_id=17\" target=\"_blank\" rel=\" noreferrer noopener\"><img loading=\"lazy\" decoding=\"async\" width=\"2560\" height=\"1707\" src=\"https:\/\/emergis.info\/wp-content\/uploads\/2025\/03\/martin-sanchez-SL1co_Etck8-unsplash-1-scaled.jpg\" alt=\"\" class=\"wp-image-187\" style=\"aspect-ratio:4\/3;object-fit:cover\" srcset=\"https:\/\/emergis.info\/wp-content\/uploads\/2025\/03\/martin-sanchez-SL1co_Etck8-unsplash-1-scaled.jpg 2560w, https:\/\/emergis.info\/wp-content\/uploads\/2025\/03\/martin-sanchez-SL1co_Etck8-unsplash-1-300x200.jpg 300w, https:\/\/emergis.info\/wp-content\/uploads\/2025\/03\/martin-sanchez-SL1co_Etck8-unsplash-1-1024x683.jpg 1024w, https:\/\/emergis.info\/wp-content\/uploads\/2025\/03\/martin-sanchez-SL1co_Etck8-unsplash-1-768x512.jpg 768w, https:\/\/emergis.info\/wp-content\/uploads\/2025\/03\/martin-sanchez-SL1co_Etck8-unsplash-1-1536x1024.jpg 1536w, https:\/\/emergis.info\/wp-content\/uploads\/2025\/03\/martin-sanchez-SL1co_Etck8-unsplash-1-2048x1365.jpg 2048w\" sizes=\"auto, (max-width: 2560px) 100vw, 2560px\" \/><\/a><\/figure>\n\n\n\n<div class=\"wp-block-group is-vertical is-layout-flex wp-container-core-group-is-layout-971a3e1f wp-block-group-is-layout-flex\" style=\"padding-top:var(--wp--preset--spacing--30)\">\n<h2 class=\"wp-block-heading has-large-font-size\" style=\"padding-top:var(--wp--preset--spacing--20)\"><a href=\"https:\/\/emergis.info\/?page_id=17\" data-type=\"page\" data-id=\"17\" target=\"_blank\" rel=\"noreferrer noopener\">Conseil en organisation et gestion du changement<\/a><\/h2>\n<\/div>\n<\/div>\n\n\n\n<div class=\"wp-block-column is-layout-flow wp-container-core-column-is-layout-8ad66c59 wp-block-column-is-layout-flow\" style=\"padding-top:var(--wp--preset--spacing--70)\">\n<figure class=\"wp-block-image size-full\"><a href=\"https:\/\/emergis.info\/?page_id=70\" target=\"_blank\" rel=\" noreferrer noopener\"><img loading=\"lazy\" decoding=\"async\" width=\"2560\" height=\"1707\" src=\"https:\/\/emergis.info\/wp-content\/uploads\/2025\/03\/neil-thomas-SIU1Glk6v5k-unsplash-1-scaled.jpg\" alt=\"\" class=\"wp-image-190\" style=\"aspect-ratio:4\/3;object-fit:cover\" srcset=\"https:\/\/emergis.info\/wp-content\/uploads\/2025\/03\/neil-thomas-SIU1Glk6v5k-unsplash-1-scaled.jpg 2560w, https:\/\/emergis.info\/wp-content\/uploads\/2025\/03\/neil-thomas-SIU1Glk6v5k-unsplash-1-300x200.jpg 300w, https:\/\/emergis.info\/wp-content\/uploads\/2025\/03\/neil-thomas-SIU1Glk6v5k-unsplash-1-1024x683.jpg 1024w, https:\/\/emergis.info\/wp-content\/uploads\/2025\/03\/neil-thomas-SIU1Glk6v5k-unsplash-1-768x512.jpg 768w, https:\/\/emergis.info\/wp-content\/uploads\/2025\/03\/neil-thomas-SIU1Glk6v5k-unsplash-1-1536x1024.jpg 1536w, https:\/\/emergis.info\/wp-content\/uploads\/2025\/03\/neil-thomas-SIU1Glk6v5k-unsplash-1-2048x1365.jpg 2048w\" sizes=\"auto, (max-width: 2560px) 100vw, 2560px\" \/><\/a><\/figure>\n\n\n\n<div class=\"wp-block-group is-vertical is-layout-flex wp-container-core-group-is-layout-971a3e1f wp-block-group-is-layout-flex\" style=\"padding-top:var(--wp--preset--spacing--30)\">\n<h2 class=\"wp-block-heading\" style=\"padding-top:var(--wp--preset--spacing--20)\"><a href=\"https:\/\/emergis.info\/?page_id=70\" target=\"_blank\" rel=\"noopener\" title=\"conseil en management\">Conseil en management<\/a><\/h2>\n<\/div>\n<\/div>\n\n\n\n<div class=\"wp-block-column is-layout-flow wp-container-core-column-is-layout-8ad66c59 wp-block-column-is-layout-flow\" style=\"padding-top:var(--wp--preset--spacing--70)\">\n<figure class=\"wp-block-image size-full\"><a href=\"https:\/\/emergis.info\/?page_id=10\" target=\"_blank\" rel=\" noreferrer noopener\"><img loading=\"lazy\" decoding=\"async\" width=\"435\" height=\"366\" src=\"https:\/\/emergis.info\/wp-content\/uploads\/2025\/03\/mai-eclairee-1.jpg\" alt=\"\" class=\"wp-image-195\" style=\"aspect-ratio:4\/3;object-fit:cover\" srcset=\"https:\/\/emergis.info\/wp-content\/uploads\/2025\/03\/mai-eclairee-1.jpg 435w, https:\/\/emergis.info\/wp-content\/uploads\/2025\/03\/mai-eclairee-1-300x252.jpg 300w\" sizes=\"auto, (max-width: 435px) 100vw, 435px\" \/><\/a><\/figure>\n\n\n\n<div class=\"wp-block-group is-vertical is-layout-flex wp-container-core-group-is-layout-971a3e1f wp-block-group-is-layout-flex\" style=\"padding-top:var(--wp--preset--spacing--30)\">\n<h2 class=\"wp-block-heading\" style=\"padding-top:var(--wp--preset--spacing--20)\"><a href=\"https:\/\/emergis.info\/?page_id=10\" target=\"_blank\" rel=\"noopener\" title=\"Conditions de travail\">Am\u00e9liorer les Conditions de travail et la QVCT<\/a><\/h2>\n<\/div>\n<\/div>\n<\/div>\n<\/div>\n\n\n\n<div class=\"wp-block-group alignwide has-global-padding is-layout-constrained wp-block-group-is-layout-constrained\">\n<div class=\"wp-block-buttons is-layout-flex wp-block-buttons-is-layout-flex\">\n<div class=\"wp-block-button has-custom-width wp-block-button__width-100 is-style-fill\"><a class=\"wp-block-button__link has-accent-2-background-color has-background wp-element-button\" href=\"https:\/\/emergis.info\/?page_id=80\" target=\"_blank\" rel=\"noreferrer noopener\"><strong>Contactez nous<\/strong><\/a><\/div>\n<\/div>\n\n\n\n<p>Nous \u00e9tudierons ensemble votre besoin et nous vous ferons une proposition adapt\u00e9e qui prenne en compte votre culture et vos contraintes.<br><br>Bas\u00e9s \u00e0 Salon de Provence, Nous intervenons directement en pr\u00e9sentiel dans la r\u00e9gion PACA,  <strong>Marseille, Aix en Provence, Avignon, Arles , <\/strong>et au del\u00e0.<br><\/p>\n\n\n\n<hr class=\"wp-block-separator has-alpha-channel-opacity\"\/>\n<\/div>\n\n\n\n<div class=\"wp-block-group alignwide is-vertical is-layout-flex wp-container-core-group-is-layout-fe9cc265 wp-block-group-is-layout-flex\">\n<p class=\"has-medium-font-size\"><br><em>\u00ab\u00a0Vous avez ouvert des perspectives nouvelles \u00ab\u00a0<\/em><\/p>\n\n\n\n<p class=\"has-small-font-size\"><strong><em>DAF,&nbsp;Soci\u00e9t\u00e9 de transit maritime<br>Marseille<\/em><\/strong><br><\/p>\n\n\n\n<figure class=\"wp-block-image size-large is-resized\"><img loading=\"lazy\" decoding=\"async\" width=\"683\" height=\"1024\" src=\"https:\/\/emergis.info\/wp-content\/uploads\/2025\/03\/joel-fulgencio-VSrHD079L78-unsplash-2-683x1024.jpg\" alt=\"\" class=\"wp-image-146\" style=\"aspect-ratio:1;object-fit:cover;width:316px;height:auto\" srcset=\"https:\/\/emergis.info\/wp-content\/uploads\/2025\/03\/joel-fulgencio-VSrHD079L78-unsplash-2-683x1024.jpg 683w, https:\/\/emergis.info\/wp-content\/uploads\/2025\/03\/joel-fulgencio-VSrHD079L78-unsplash-2-200x300.jpg 200w, https:\/\/emergis.info\/wp-content\/uploads\/2025\/03\/joel-fulgencio-VSrHD079L78-unsplash-2-768x1152.jpg 768w, https:\/\/emergis.info\/wp-content\/uploads\/2025\/03\/joel-fulgencio-VSrHD079L78-unsplash-2-1024x1536.jpg 1024w, https:\/\/emergis.info\/wp-content\/uploads\/2025\/03\/joel-fulgencio-VSrHD079L78-unsplash-2-1365x2048.jpg 1365w, https:\/\/emergis.info\/wp-content\/uploads\/2025\/03\/joel-fulgencio-VSrHD079L78-unsplash-2-scaled.jpg 1707w\" sizes=\"auto, (max-width: 683px) 100vw, 683px\" \/><\/figure>\n<\/div>\n\n\n\n<div class=\"wp-block-buttons is-layout-flex wp-block-buttons-is-layout-flex\">\n<div class=\"wp-block-button\"><a class=\"wp-block-button__link has-contrast-color has-accent-4-background-color has-text-color has-background has-link-color wp-element-button\" href=\"https:\/\/emergis.info\/?page_id=77\" target=\"_blank\" rel=\"noreferrer noopener\">Qui sommes nous <\/a><\/div>\n\n\n\n<div class=\"wp-block-button\"><a class=\"wp-block-button__link wp-element-button\" href=\"https:\/\/emergis.info\/?page_id=432\" target=\"_blank\" rel=\"noreferrer noopener\">R\u00e9f\u00e9rences <\/a><\/div>\n\n\n\n<div class=\"wp-block-button\"><a class=\"wp-block-button__link wp-element-button\" href=\"https:\/\/emergis.info\/?page_id=544\" target=\"_blank\" rel=\"noreferrer noopener\">T\u00e9moignages<\/a><\/div>\n<\/div>\n","protected":false},"excerpt":{"rendered":"<p>Conseil en organisation et management, gestion du changement et QVCT Fort de son expertise en conseil en organisation et management Emergis accompagne dirigeants, managers et responsables RH dans l&rsquo;am\u00e9lioration de leurs organisations et management. Nous vous aidons dans la conduite du changement afin de renforcer la performance durable et d&rsquo;am\u00e9liorer la QVCT au sein des [&hellip;]<\/p>\n","protected":false},"author":1,"featured_media":0,"parent":0,"menu_order":0,"comment_status":"closed","ping_status":"closed","template":"","meta":{"_monsterinsights_skip_tracking":false,"_monsterinsights_sitenote_active":false,"_monsterinsights_sitenote_note":"","_monsterinsights_sitenote_category":0,"footnotes":""},"class_list":["post-14","page","type-page","status-publish","hentry"],"aioseo_notices":[],"_links":{"self":[{"href":"https:\/\/emergis.info\/index.php?rest_route=\/wp\/v2\/pages\/14","targetHints":{"allow":["GET"]}}],"collection":[{"href":"https:\/\/emergis.info\/index.php?rest_route=\/wp\/v2\/pages"}],"about":[{"href":"https:\/\/emergis.info\/index.php?rest_route=\/wp\/v2\/types\/page"}],"author":[{"embeddable":true,"href":"https:\/\/emergis.info\/index.php?rest_route=\/wp\/v2\/users\/1"}],"replies":[{"embeddable":true,"href":"https:\/\/emergis.info\/index.php?rest_route=%2Fwp%2Fv2%2Fcomments&post=14"}],"version-history":[{"count":106,"href":"https:\/\/emergis.info\/index.php?rest_route=\/wp\/v2\/pages\/14\/revisions"}],"predecessor-version":[{"id":731,"href":"https:\/\/emergis.info\/index.php?rest_route=\/wp\/v2\/pages\/14\/revisions\/731"}],"wp:attachment":[{"href":"https:\/\/emergis.info\/index.php?rest_route=%2Fwp%2Fv2%2Fmedia&parent=14"}],"curies":[{"name":"wp","href":"https:\/\/api.w.org\/{rel}","templated":true}]}}

<h1 class="wp-block-heading alignwide has-text-align-center">Conseil en organisation et management,  gestion du changement et QVCT</h1>



<p class="has-text-align-center"><br>Fort de son <a href="https://emergis.info/?page_id=77" data-type="page" data-id="77" target="_blank" rel="noreferrer noopener">expertise en conseil en organisation et management</a> Emergis accompagne dirigeants, managers et responsables RH dans l&rsquo;amélioration de leurs organisations et management.</p>



<p class="has-text-align-center">Nous vous aidons dans la conduite du changement afin de renforcer la performance durable et d&rsquo;améliorer la QVCT au sein des équipes.<br>Nous conjuguons performance et bien-être au travail pour des organisations plus efficaces et humaines .</p>



<p class="has-text-align-center">Emergis, c&rsquo;est de la méthode, de l’humain, du résultat</p>



<div class="wp-block-buttons is-layout-flex wp-block-buttons-is-layout-flex">
<div class="wp-block-button has-custom-width wp-block-button__width-100 is-style-fill"><a class="wp-block-button__link has-accent-2-background-color has-background wp-element-button" href="https://emergis.info/?page_id=80" target="_blank" rel="noreferrer noopener"><strong>Contactez nous</strong> -PACA-Aix Marseille</a></div>
</div>



<div class="wp-block-group alignfull has-global-padding is-content-justification-center is-layout-constrained wp-container-core-group-is-layout-70bb19b6 wp-block-group-is-layout-constrained" style="margin-top:0;margin-bottom:0;padding-top:var(--wp--preset--spacing--50);padding-bottom:var(--wp--preset--spacing--50)">
<div class="wp-block-group alignwide has-global-padding is-content-justification-left is-layout-constrained wp-container-core-group-is-layout-12dd3699 wp-block-group-is-layout-constrained">
<h2 class="wp-block-heading has-text-align-center has-base-background-color has-background has-x-large-font-size"><strong>Nos interventions</strong> -PACA -Aix- Marseille</h2>



<p>&nbsp;</p>
</div>



<div class="wp-block-columns is-layout-flex wp-container-core-columns-is-layout-28f84493 wp-block-columns-is-layout-flex">
<div class="wp-block-column is-layout-flow wp-block-column-is-layout-flow">
<p>Toutes nos interventions de <strong>conseil en organisation, management, gestion du changement et QVCT</strong> sont construites sur mesure pour répondre à vos enjeux et vos contraintes.</p>



<p>&nbsp;Nous nous appuyons sur une <strong>expertise</strong> de management opérationnel, d’accompagnement et de conseil &nbsp;de structures de toutes tailles et de tout domaine, <strong>de plus de 30</strong>, dans des contextes variés&nbsp;: croissance, changement organisationnels ou managérial, tension sociale…</p>



<p>Nous sommes membres actifs &nbsp;des <strong>réseaux régionaux d’experts </strong>sur les conditions de travail, la QVT et les RPS.</p>
</div>



<div class="wp-block-column is-layout-flow wp-block-column-is-layout-flow">
<div class="wp-block-buttons is-layout-flex wp-block-buttons-is-layout-flex">
<div class="wp-block-button"><a class="wp-block-button__link has-contrast-color has-accent-4-background-color has-text-color has-background has-link-color wp-element-button" href="https://emergis.info/?page_id=77" target="_blank" rel="noreferrer noopener">Qui sommes nous </a></div>



<div class="wp-block-button"><a class="wp-block-button__link wp-element-button" href="https://emergis.info/?page_id=432" target="_blank" rel="noreferrer noopener">Références </a></div>



<div class="wp-block-button"><a class="wp-block-button__link wp-element-button" href="https://emergis.info/?page_id=544" target="_blank" rel="noreferrer noopener">Témoignages</a></div>
</div>
</div>
</div>



<div class="wp-block-columns alignwide is-layout-flex wp-container-core-columns-is-layout-cdebebb7 wp-block-columns-is-layout-flex" style="padding-top:0;padding-bottom:0">
<div class="wp-block-column is-layout-flow wp-container-core-column-is-layout-8ad66c59 wp-block-column-is-layout-flow" style="padding-top:var(--wp--preset--spacing--70)">
<figure class="wp-block-image size-full"><a href="https://emergis.info/?page_id=17" target="_blank" rel=" noreferrer noopener"><img loading="lazy" decoding="async" width="2560" height="1707" src="https://emergis.info/wp-content/uploads/2025/03/martin-sanchez-SL1co_Etck8-unsplash-1-scaled.jpg" alt="" class="wp-image-187" style="aspect-ratio:4/3;object-fit:cover" srcset="https://emergis.info/wp-content/uploads/2025/03/martin-sanchez-SL1co_Etck8-unsplash-1-scaled.jpg 2560w, https://emergis.info/wp-content/uploads/2025/03/martin-sanchez-SL1co_Etck8-unsplash-1-300x200.jpg 300w, https://emergis.info/wp-content/uploads/2025/03/martin-sanchez-SL1co_Etck8-unsplash-1-1024x683.jpg 1024w, https://emergis.info/wp-content/uploads/2025/03/martin-sanchez-SL1co_Etck8-unsplash-1-768x512.jpg 768w, https://emergis.info/wp-content/uploads/2025/03/martin-sanchez-SL1co_Etck8-unsplash-1-1536x1024.jpg 1536w, https://emergis.info/wp-content/uploads/2025/03/martin-sanchez-SL1co_Etck8-unsplash-1-2048x1365.jpg 2048w" sizes="auto, (max-width: 2560px) 100vw, 2560px" /></a></figure>



<div class="wp-block-group is-vertical is-layout-flex wp-container-core-group-is-layout-971a3e1f wp-block-group-is-layout-flex" style="padding-top:var(--wp--preset--spacing--30)">
<h2 class="wp-block-heading has-large-font-size" style="padding-top:var(--wp--preset--spacing--20)"><a href="https://emergis.info/?page_id=17" data-type="page" data-id="17" target="_blank" rel="noreferrer noopener">Conseil en organisation et gestion du changement</a></h2>
</div>
</div>



<div class="wp-block-column is-layout-flow wp-container-core-column-is-layout-8ad66c59 wp-block-column-is-layout-flow" style="padding-top:var(--wp--preset--spacing--70)">
<figure class="wp-block-image size-full"><a href="https://emergis.info/?page_id=70" target="_blank" rel=" noreferrer noopener"><img loading="lazy" decoding="async" width="2560" height="1707" src="https://emergis.info/wp-content/uploads/2025/03/neil-thomas-SIU1Glk6v5k-unsplash-1-scaled.jpg" alt="" class="wp-image-190" style="aspect-ratio:4/3;object-fit:cover" srcset="https://emergis.info/wp-content/uploads/2025/03/neil-thomas-SIU1Glk6v5k-unsplash-1-scaled.jpg 2560w, https://emergis.info/wp-content/uploads/2025/03/neil-thomas-SIU1Glk6v5k-unsplash-1-300x200.jpg 300w, https://emergis.info/wp-content/uploads/2025/03/neil-thomas-SIU1Glk6v5k-unsplash-1-1024x683.jpg 1024w, https://emergis.info/wp-content/uploads/2025/03/neil-thomas-SIU1Glk6v5k-unsplash-1-768x512.jpg 768w, https://emergis.info/wp-content/uploads/2025/03/neil-thomas-SIU1Glk6v5k-unsplash-1-1536x1024.jpg 1536w, https://emergis.info/wp-content/uploads/2025/03/neil-thomas-SIU1Glk6v5k-unsplash-1-2048x1365.jpg 2048w" sizes="auto, (max-width: 2560px) 100vw, 2560px" /></a></figure>



<div class="wp-block-group is-vertical is-layout-flex wp-container-core-group-is-layout-971a3e1f wp-block-group-is-layout-flex" style="padding-top:var(--wp--preset--spacing--30)">
<h2 class="wp-block-heading" style="padding-top:var(--wp--preset--spacing--20)"><a href="https://emergis.info/?page_id=70" target="_blank" rel="noopener" title="conseil en management">Conseil en management</a></h2>
</div>
</div>



<div class="wp-block-column is-layout-flow wp-container-core-column-is-layout-8ad66c59 wp-block-column-is-layout-flow" style="padding-top:var(--wp--preset--spacing--70)">
<figure class="wp-block-image size-full"><a href="https://emergis.info/?page_id=10" target="_blank" rel=" noreferrer noopener"><img loading="lazy" decoding="async" width="435" height="366" src="https://emergis.info/wp-content/uploads/2025/03/mai-eclairee-1.jpg" alt="" class="wp-image-195" style="aspect-ratio:4/3;object-fit:cover" srcset="https://emergis.info/wp-content/uploads/2025/03/mai-eclairee-1.jpg 435w, https://emergis.info/wp-content/uploads/2025/03/mai-eclairee-1-300x252.jpg 300w" sizes="auto, (max-width: 435px) 100vw, 435px" /></a></figure>



<div class="wp-block-group is-vertical is-layout-flex wp-container-core-group-is-layout-971a3e1f wp-block-group-is-layout-flex" style="padding-top:var(--wp--preset--spacing--30)">
<h2 class="wp-block-heading" style="padding-top:var(--wp--preset--spacing--20)"><a href="https://emergis.info/?page_id=10" target="_blank" rel="noopener" title="Conditions de travail">Améliorer les Conditions de travail et la QVCT</a></h2>
</div>
</div>
</div>
</div>



<div class="wp-block-group alignwide has-global-padding is-layout-constrained wp-block-group-is-layout-constrained">
<div class="wp-block-buttons is-layout-flex wp-block-buttons-is-layout-flex">
<div class="wp-block-button has-custom-width wp-block-button__width-100 is-style-fill"><a class="wp-block-button__link has-accent-2-background-color has-background wp-element-button" href="https://emergis.info/?page_id=80" target="_blank" rel="noreferrer noopener"><strong>Contactez nous</strong></a></div>
</div>



<p>Nous étudierons ensemble votre besoin et nous vous ferons une proposition adaptée qui prenne en compte votre culture et vos contraintes.<br><br>Basés à Salon de Provence, Nous intervenons directement en présentiel dans la région PACA,  <strong>Marseille, Aix en Provence, Avignon, Arles , </strong>et au delà.<br></p>



<hr class="wp-block-separator has-alpha-channel-opacity"/>
</div>



<div class="wp-block-group alignwide is-vertical is-layout-flex wp-container-core-group-is-layout-fe9cc265 wp-block-group-is-layout-flex">
<p class="has-medium-font-size"><br><em>« Vous avez ouvert des perspectives nouvelles « </em></p>



<p class="has-small-font-size"><strong><em>DAF,&nbsp;Société de transit maritime<br>Marseille</em></strong><br></p>



<figure class="wp-block-image size-large is-resized"><img loading="lazy" decoding="async" width="683" height="1024" src="https://emergis.info/wp-content/uploads/2025/03/joel-fulgencio-VSrHD079L78-unsplash-2-683x1024.jpg" alt="" class="wp-image-146" style="aspect-ratio:1;object-fit:cover;width:316px;height:auto" srcset="https://emergis.info/wp-content/uploads/2025/03/joel-fulgencio-VSrHD079L78-unsplash-2-683x1024.jpg 683w, https://emergis.info/wp-content/uploads/2025/03/joel-fulgencio-VSrHD079L78-unsplash-2-200x300.jpg 200w, https://emergis.info/wp-content/uploads/2025/03/joel-fulgencio-VSrHD079L78-unsplash-2-768x1152.jpg 768w, https://emergis.info/wp-content/uploads/2025/03/joel-fulgencio-VSrHD079L78-unsplash-2-1024x1536.jpg 1024w, https://emergis.info/wp-content/uploads/2025/03/joel-fulgencio-VSrHD079L78-unsplash-2-1365x2048.jpg 1365w, https://emergis.info/wp-content/uploads/2025/03/joel-fulgencio-VSrHD079L78-unsplash-2-scaled.jpg 1707w" sizes="auto, (max-width: 683px) 100vw, 683px" /></figure>
</div>



<div class="wp-block-buttons is-layout-flex wp-block-buttons-is-layout-flex">
<div class="wp-block-button"><a class="wp-block-button__link has-contrast-color has-accent-4-background-color has-text-color has-background has-link-color wp-element-button" href="https://emergis.info/?page_id=77" target="_blank" rel="noreferrer noopener">Qui sommes nous </a></div>



<div class="wp-block-button"><a class="wp-block-button__link wp-element-button" href="https://emergis.info/?page_id=432" target="_blank" rel="noreferrer noopener">Références </a></div>



<div class="wp-block-button"><a class="wp-block-button__link wp-element-button" href="https://emergis.info/?page_id=544" target="_blank" rel="noreferrer noopener">Témoignages</a></div>
</div>

<p>Conseil en organisation et management, gestion du changement et QVCT Fort de son expertise en conseil en organisation et management Emergis accompagne dirigeants, managers et responsables RH dans l&rsquo;amélioration de leurs organisations et management. Nous vous aidons dans la conduite du changement afin de renforcer la performance durable et d&rsquo;améliorer la QVCT au sein des [&hellip;]</p>
